CRAN Package Check Results for Package pmxTools

Last updated on 2022-09-26 21:53:04 CEST.

Flavor Version Tinstall Tcheck Ttotal Status Flags
r-devel-linux-x86_64-debian-clang 1.2.3 17.54 120.28 137.82 OK
r-devel-linux-x86_64-debian-gcc 1.2.3 11.45 84.87 96.32 OK
r-devel-linux-x86_64-fedora-clang 1.2.3 175.20 NOTE
r-devel-linux-x86_64-fedora-gcc 1.2.3 160.56 NOTE
r-devel-windows-x86_64 1.2.3 20.00 150.00 170.00 OK
r-patched-linux-x86_64 1.2.3 11.92 108.90 120.82 OK
r-release-linux-x86_64 1.2.3 9.72 108.87 118.59 OK
r-release-macos-arm64 1.2.3 50.00 NOTE
r-release-macos-x86_64 1.2.3 77.00 NOTE
r-release-windows-x86_64 1.2.3 55.00 145.00 200.00 OK
r-oldrel-macos-arm64 1.2.3 49.00 NOTE
r-oldrel-macos-x86_64 1.2.3 65.00 NOTE
r-oldrel-windows-ix86+x86_64 1.2.3 30.00 143.00 173.00 OK

Check Details

Version: 1.2.3
Check: dependencies in R code
Result: NOTE
    Namespaces in Imports field not imported from:
     ‘ggrepel’ ‘gridExtra’
     All declared Imports should be used.
Flavors: r-devel-linux-x86_64-fedora-clang, r-devel-linux-x86_64-fedora-gcc, r-release-macos-arm64, r-release-macos-x86_64, r-oldrel-macos-arm64, r-oldrel-macos-x86_64