CRAN Package Check Results for Package effectR

Last updated on 2022-10-03 21:53:36 CEST.

Flavor Version Tinstall Tcheck Ttotal Status Flags
r-devel-linux-x86_64-debian-clang 1.0.2 4.74 47.82 52.56 OK
r-devel-linux-x86_64-debian-gcc 1.0.2 2.92 37.36 40.28 OK
r-devel-linux-x86_64-fedora-clang 1.0.2 76.84 NOTE
r-devel-linux-x86_64-fedora-gcc 1.0.2 72.93 NOTE
r-devel-windows-x86_64 1.0.2 16.00 77.00 93.00 OK
r-patched-linux-x86_64 1.0.2 9.73 45.84 55.57 OK
r-release-linux-x86_64 1.0.2 4.37 45.76 50.13 OK
r-release-macos-arm64 1.0.2 22.00 NOTE
r-release-macos-x86_64 1.0.2 45.00 NOTE
r-release-windows-x86_64 1.0.2 12.00 77.00 89.00 OK
r-oldrel-macos-arm64 1.0.2 26.00 NOTE
r-oldrel-macos-x86_64 1.0.2 43.00 NOTE
r-oldrel-windows-ix86+x86_64 1.0.2 13.00 70.00 83.00 OK

Check Details

Version: 1.0.2
Check: dependencies in R code
Result: NOTE
    Namespace in Imports field not imported from: ‘rmarkdown’
     All declared Imports should be used.
Flavors: r-devel-linux-x86_64-fedora-clang, r-devel-linux-x86_64-fedora-gcc, r-release-macos-arm64, r-release-macos-x86_64, r-oldrel-macos-arm64, r-oldrel-macos-x86_64