CRAN Package Check Results for Package GWsignif

Last updated on 2022-10-02 22:51:39 CEST.

Flavor Version Tinstall Tcheck Ttotal Status Flags
r-devel-linux-x86_64-debian-clang 1.2 2.29 23.92 26.21 NOTE
r-devel-linux-x86_64-debian-gcc 1.2 1.55 18.70 20.25 NOTE
r-devel-linux-x86_64-fedora-clang 1.2 43.49 NOTE
r-devel-linux-x86_64-fedora-gcc 1.2 44.18 NOTE
r-devel-windows-x86_64 1.2 10.00 51.00 61.00 OK
r-patched-linux-x86_64 1.2 2.05 23.51 25.56 NOTE
r-release-linux-x86_64 1.2 2.14 23.68 25.82 NOTE
r-release-macos-arm64 1.2 16.00 OK
r-release-macos-x86_64 1.2 20.00 OK
r-release-windows-x86_64 1.2 5.00 48.00 53.00 OK
r-oldrel-macos-arm64 1.2 18.00 OK
r-oldrel-macos-x86_64 1.2 33.00 OK
r-oldrel-windows-ix86+x86_64 1.2 4.00 39.00 43.00 OK

Check Details

Version: 1.2
Check: for non-standard things in the check directory
Result: NOTE
    Found the following files/directories:
     'testdata1.txt' 'testdata2.txt' 'testdata3.txt'
Flavors: r-devel-linux-x86_64-debian-clang, r-devel-linux-x86_64-debian-gcc, r-devel-linux-x86_64-fedora-clang, r-devel-linux-x86_64-fedora-gcc, r-patched-linux-x86_64, r-release-linux-x86_64