CRAN Package Check Results for Package ztype

Last updated on 2025-11-23 20:49:07 CET.

Flavor Version Tinstall Tcheck Ttotal Status Flags
r-devel-linux-x86_64-debian-clang 0.1.0 2.66 34.29 36.95 NOTE
r-devel-linux-x86_64-debian-gcc 0.1.0 2.08 25.77 27.85 NOTE
r-devel-linux-x86_64-fedora-clang 0.1.0 52.51 NOTE
r-devel-linux-x86_64-fedora-gcc 0.1.0 52.45 NOTE
r-devel-windows-x86_64 0.1.0 7.00 50.00 57.00 OK
r-patched-linux-x86_64 0.1.0 2.90 31.54 34.44 OK
r-release-linux-x86_64 0.1.0 2.61 31.53 34.14 OK
r-release-macos-arm64 0.1.0 OK
r-release-macos-x86_64 0.1.0 3.00 33.00 36.00 OK
r-release-windows-x86_64 0.1.0 5.00 60.00 65.00 OK
r-oldrel-macos-arm64 0.1.0 NOTE
r-oldrel-macos-x86_64 0.1.0 3.00 27.00 30.00 NOTE
r-oldrel-windows-x86_64 0.1.0 7.00 60.00 67.00 NOTE

Check Details

Version: 0.1.0
Check: CRAN incoming feasibility
Result: NOTE Maintainer: ‘Vincent Guyader <vincent@thinkr.fr>’ No Authors@R field in DESCRIPTION. Please add one, modifying Authors@R: person(given = "Vincent", family = "Guyader", role = c("aut", "cre"), email = "vincent@thinkr.fr") as necessary. Flavors: r-devel-linux-x86_64-debian-clang, r-devel-linux-x86_64-debian-gcc

Version: 0.1.0
Check: dependencies in R code
Result: NOTE Namespaces in Imports field not imported from: ‘dplyr’ ‘ggplot2’ ‘lubridate’ All declared Imports should be used. Flavors: r-devel-linux-x86_64-fedora-clang, r-devel-linux-x86_64-fedora-gcc

Version: 0.1.0
Check: LazyData
Result: NOTE 'LazyData' is specified without a 'data' directory Flavors: r-oldrel-macos-arm64, r-oldrel-macos-x86_64, r-oldrel-windows-x86_64