Last updated on 2023-01-26 19:49:43 CET.
Flavor | Version | Tinstall | Tcheck | Ttotal | Status | Flags |
---|---|---|---|---|---|---|
r-devel-linux-x86_64-debian-clang | 0.1.2 | 57.35 | 110.97 | 168.32 | OK | |
r-devel-linux-x86_64-debian-gcc | 0.1.2 | 45.16 | 90.44 | 135.60 | OK | |
r-devel-linux-x86_64-fedora-clang | 0.1.2 | 215.73 | NOTE | |||
r-devel-linux-x86_64-fedora-gcc | 0.1.2 | 253.03 | NOTE | |||
r-patched-linux-x86_64 | 0.1.2 | 47.97 | 102.25 | 150.22 | OK | |
r-release-linux-x86_64 | 0.1.2 | 42.25 | 101.35 | 143.60 | OK | |
r-release-macos-arm64 | 0.1.2 | 52.00 | NOTE | |||
r-release-macos-x86_64 | 0.1.2 | 80.00 | NOTE | |||
r-release-windows-x86_64 | 0.1.2 | 51.00 | 189.00 | 240.00 | OK | |
r-oldrel-macos-arm64 | 0.1.2 | 69.00 | NOTE | |||
r-oldrel-macos-x86_64 | 0.1.2 | 76.00 | NOTE | |||
r-oldrel-windows-ix86+x86_64 | 0.1.2 | 142.00 | 232.00 | 374.00 | OK |
Version: 0.1.2
Check: C++ specification
Result: NOTE
Specified C++11: please update to current default of C++17
Flavors: r-devel-linux-x86_64-fedora-clang, r-devel-linux-x86_64-fedora-gcc
Version: 0.1.2
Check: installed package size
Result: NOTE
installed size is 7.8Mb
sub-directories of 1Mb or more:
libs 7.5Mb
Flavors: r-release-macos-arm64, r-release-macos-x86_64, r-oldrel-macos-arm64, r-oldrel-macos-x86_64