Last updated on 2024-04-24 20:54:28 CEST.
Flavor | Version | Tinstall | Tcheck | Ttotal | Status | Flags |
---|---|---|---|---|---|---|
r-devel-linux-x86_64-debian-clang | 0.6-70 | 10.05 | 112.57 | 122.62 | OK | |
r-devel-linux-x86_64-debian-gcc | 0.6-70 | 8.09 | 87.93 | 96.02 | OK | |
r-devel-linux-x86_64-fedora-clang | 0.6-70 | 158.53 | NOTE | |||
r-devel-linux-x86_64-fedora-gcc | 0.6-70 | 159.21 | NOTE | |||
r-devel-windows-x86_64 | 0.6-70 | 10.00 | 129.00 | 139.00 | OK | |
r-patched-linux-x86_64 | 0.6-70 | 14.58 | 109.43 | 124.01 | OK | |
r-release-linux-x86_64 | 0.6-70 | 8.05 | 110.59 | 118.64 | OK | |
r-release-macos-arm64 | 0.6-70 | 55.00 | OK | |||
r-release-windows-x86_64 | 0.6-70 | 10.00 | 131.00 | 141.00 | OK | |
r-oldrel-macos-arm64 | 0.6-70 | 47.00 | OK | |||
r-oldrel-macos-x86_64 | 0.6-70 | 101.00 | OK | |||
r-oldrel-windows-x86_64 | 0.6-70 | 12.00 | 138.00 | 150.00 | OK |
Version: 0.6-70
Check: data for non-ASCII characters
Result: NOTE
Note: found 146804 marked UTF-8 strings
Flavors: r-devel-linux-x86_64-fedora-clang, r-devel-linux-x86_64-fedora-gcc