Last updated on 2024-03-28 19:48:50 CET.
Flavor | Version | Tinstall | Tcheck | Ttotal | Status | Flags |
---|---|---|---|---|---|---|
r-devel-linux-x86_64-debian-clang | 0.3.5 | 36.52 | 264.93 | 301.45 | OK | |
r-devel-linux-x86_64-debian-gcc | 0.3.5 | 31.03 | 209.59 | 240.62 | OK | |
r-devel-linux-x86_64-fedora-clang | 0.3.5 | 598.19 | NOTE | |||
r-devel-linux-x86_64-fedora-gcc | 0.3.5 | 569.77 | NOTE | |||
r-devel-windows-x86_64 | 0.3.5 | 31.00 | 259.00 | 290.00 | OK | |
r-patched-linux-x86_64 | 0.3.5 | 26.58 | 262.64 | 289.22 | OK | |
r-release-linux-x86_64 | 0.3.5 | 27.73 | 258.96 | 286.69 | OK | |
r-release-macos-arm64 | 0.3.5 | 138.00 | OK | |||
r-release-macos-x86_64 | 0.3.5 | 261.00 | OK | |||
r-release-windows-x86_64 | 0.3.5 | 44.00 | 348.00 | 392.00 | OK | |
r-oldrel-macos-arm64 | 0.3.5 | 124.00 | NOTE | |||
r-oldrel-windows-x86_64 | 0.3.5 | 46.00 | 353.00 | 399.00 | OK |
Version: 0.3.5
Check: data for non-ASCII characters
Result: NOTE
Note: found 5 marked UTF-8 strings
Flavors: r-devel-linux-x86_64-fedora-clang, r-devel-linux-x86_64-fedora-gcc, r-oldrel-macos-arm64