Last updated on 2023-11-30 20:48:55 CET.
Flavor | Version | Tinstall | Tcheck | Ttotal | Status | Flags |
---|---|---|---|---|---|---|
r-devel-linux-x86_64-debian-clang | 0.3.2 | 3.81 | 52.42 | 56.23 | NOTE | |
r-devel-linux-x86_64-debian-gcc | 0.3.2 | 3.90 | 39.93 | 43.83 | NOTE | |
r-devel-linux-x86_64-fedora-clang | 0.3.2 | 70.56 | NOTE | |||
r-devel-linux-x86_64-fedora-gcc | 0.3.2 | 66.12 | NOTE | |||
r-devel-windows-x86_64 | 0.3.2 | 6.00 | 67.00 | 73.00 | OK | |
r-patched-linux-x86_64 | 0.3.2 | 4.19 | 50.49 | 54.68 | OK | |
r-release-linux-x86_64 | 0.3.2 | 3.91 | 50.36 | 54.27 | OK | |
r-release-macos-arm64 | 0.3.2 | 26.00 | OK | |||
r-release-macos-x86_64 | 0.3.2 | 38.00 | OK | |||
r-release-windows-x86_64 | 0.3.2 | 8.00 | 87.00 | 95.00 | OK | |
r-oldrel-macos-arm64 | 0.3.2 | 24.00 | NOTE | |||
r-oldrel-macos-x86_64 | 0.3.2 | 33.00 | NOTE | |||
r-oldrel-windows-x86_64 | 0.3.2 | 6.00 | 74.00 | 80.00 | OK |
Version: 0.3.2
Check: Rd files
Result: NOTE
checkRd: (-1) label_kansuji.Rd:48: Lost braces; missing escapes or markup?
48 | but if TRUE and installed '{scales}` package, 1.10 will be displayed.}
| ^
Flavors: r-devel-linux-x86_64-debian-clang, r-devel-linux-x86_64-debian-gcc
Version: 0.3.2
Check: data for non-ASCII characters
Result: NOTE
Note: found 47 marked UTF-8 strings
Flavors: r-devel-linux-x86_64-fedora-clang, r-devel-linux-x86_64-fedora-gcc, r-oldrel-macos-arm64, r-oldrel-macos-x86_64