Last updated on 2023-06-08 21:52:23 CEST.
Flavor | Version | Tinstall | Tcheck | Ttotal | Status | Flags |
---|---|---|---|---|---|---|
r-devel-linux-x86_64-debian-clang | 1.1.1 | 6.85 | 49.74 | 56.59 | NOTE | |
r-devel-linux-x86_64-debian-gcc | 1.1.1 | 4.84 | 38.34 | 43.18 | NOTE | |
r-devel-linux-x86_64-fedora-clang | 1.1.1 | 72.34 | NOTE | |||
r-devel-linux-x86_64-fedora-gcc | 1.1.1 | 79.51 | NOTE | |||
r-devel-windows-x86_64 | 1.1.1 | 7.00 | 57.00 | 64.00 | NOTE | |
r-patched-linux-x86_64 | 1.1.1 | 3.93 | 46.64 | 50.57 | NOTE | |
r-release-linux-x86_64 | 1.1.1 | 4.11 | 46.53 | 50.64 | NOTE | |
r-release-macos-arm64 | 1.1.1 | 29.00 | NOTE | |||
r-release-macos-x86_64 | 1.1.1 | 48.00 | NOTE | |||
r-release-windows-x86_64 | 1.1.1 | 9.00 | 62.00 | 71.00 | NOTE | |
r-oldrel-macos-arm64 | 1.1.1 | 21.00 | NOTE | |||
r-oldrel-macos-x86_64 | 1.1.1 | 48.00 | NOTE | |||
r-oldrel-windows-x86_64 | 1.1.1 | 10.00 | 65.00 | 75.00 | NOTE |
Version: 1.1.1
Check: LazyData
Result: NOTE
'LazyData' is specified without a 'data' directory
Flavors: r-devel-linux-x86_64-debian-clang, r-devel-linux-x86_64-debian-gcc, r-devel-linux-x86_64-fedora-clang, r-devel-linux-x86_64-fedora-gcc, r-devel-windows-x86_64, r-patched-linux-x86_64, r-release-linux-x86_64, r-release-macos-arm64, r-release-macos-x86_64, r-release-windows-x86_64, r-oldrel-macos-arm64, r-oldrel-macos-x86_64, r-oldrel-windows-x86_64
Version: 1.1.1
Check: dependencies in R code
Result: NOTE
Namespaces in Imports field not imported from:
‘qpdf’ ‘rlang’ ‘tibble’
All declared Imports should be used.
Flavors: r-devel-linux-x86_64-fedora-clang, r-devel-linux-x86_64-fedora-gcc, r-oldrel-macos-arm64, r-oldrel-macos-x86_64