CRAN Package Check Results for Package xmrr

Last updated on 2025-07-03 20:50:58 CEST.

Flavor Version Tinstall Tcheck Ttotal Status Flags
r-devel-linux-x86_64-debian-clang 1.1.1 6.26 49.69 55.95 OK
r-devel-linux-x86_64-debian-gcc 1.1.1 4.01 34.50 38.51 OK
r-devel-linux-x86_64-fedora-clang 1.1.1 76.91 NOTE
r-devel-linux-x86_64-fedora-gcc 1.1.1 95.64 NOTE
r-devel-windows-x86_64 1.1.1 7.00 60.00 67.00 OK
r-patched-linux-x86_64 1.1.1 5.90 43.36 49.26 OK
r-release-linux-x86_64 1.1.1 4.78 43.97 48.75 OK
r-release-macos-arm64 1.1.1 32.00 OK
r-release-macos-x86_64 1.1.1 59.00 OK
r-release-windows-x86_64 1.1.1 8.00 60.00 68.00 OK
r-oldrel-macos-arm64 1.1.1 30.00 NOTE
r-oldrel-macos-x86_64 1.1.1 46.00 NOTE
r-oldrel-windows-x86_64 1.1.1 10.00 74.00 84.00 NOTE

Check Details

Version: 1.1.1
Check: dependencies in R code
Result: NOTE Namespaces in Imports field not imported from: ‘qpdf’ ‘rlang’ ‘tibble’ All declared Imports should be used. Flavors: r-devel-linux-x86_64-fedora-clang, r-devel-linux-x86_64-fedora-gcc

Version: 1.1.1
Check: LazyData
Result: NOTE 'LazyData' is specified without a 'data' directory Flavors: r-oldrel-macos-arm64, r-oldrel-macos-x86_64, r-oldrel-windows-x86_64