Last updated on 2025-11-03 21:50:41 CET.
| Flavor | Version | Tinstall | Tcheck | Ttotal | Status | Flags | 
|---|---|---|---|---|---|---|
| r-devel-linux-x86_64-debian-clang | 1.7.11.1 | 473.40 | 316.24 | 789.64 | OK | |
| r-devel-linux-x86_64-debian-gcc | 1.7.11.1 | 417.40 | 198.18 | 615.58 | OK | |
| r-devel-linux-x86_64-fedora-clang | 1.7.11.1 | 573.00 | 709.55 | 1282.55 | OK | |
| r-devel-linux-x86_64-fedora-gcc | 1.7.11.1 | 780.00 | 732.03 | 1512.03 | OK | |
| r-devel-windows-x86_64 | 1.7.11.1 | 603.00 | 291.00 | 894.00 | OK | |
| r-patched-linux-x86_64 | 1.7.11.1 | 575.54 | 305.02 | 880.56 | OK | |
| r-release-linux-x86_64 | 1.7.11.1 | 577.39 | 292.23 | 869.62 | OK | |
| r-release-macos-arm64 | 1.7.11.1 | 210.00 | 132.00 | 342.00 | OK | |
| r-release-macos-x86_64 | 1.7.11.1 | 266.00 | 297.00 | 563.00 | OK | |
| r-release-windows-x86_64 | 1.7.11.1 | 600.00 | 294.00 | 894.00 | OK | |
| r-oldrel-macos-arm64 | 1.7.11.1 | 188.00 | 146.00 | 334.00 | NOTE | |
| r-oldrel-macos-x86_64 | 1.7.11.1 | 201.00 | 338.00 | 539.00 | NOTE | |
| r-oldrel-windows-x86_64 | 1.7.11.1 | 715.00 | 433.00 | 1148.00 | NOTE | 
Version: 1.7.11.1
Check: installed package size
Result: NOTE
    installed size is 54.1Mb
    sub-directories of 1Mb or more:
      libs  53.2Mb
Flavors: r-oldrel-macos-arm64, r-oldrel-macos-x86_64, r-oldrel-windows-x86_64
Version: 1.7.11.1
Check: for GNU extensions in Makefiles
Result: NOTE
  GNU make is a SystemRequirements.
Flavors: r-oldrel-macos-arm64, r-oldrel-macos-x86_64, r-oldrel-windows-x86_64