CRAN Package Check Results for Package xRing

Last updated on 2025-01-17 21:49:52 CET.

Flavor Version Tinstall Tcheck Ttotal Status Flags
r-devel-linux-x86_64-debian-clang 0.1.1 15.67 113.25 128.92 NOTE
r-devel-linux-x86_64-debian-gcc 0.1.1 11.51 85.65 97.16 NOTE
r-devel-linux-x86_64-fedora-clang 0.1.1 227.31 NOTE
r-devel-linux-x86_64-fedora-gcc 0.1.1 205.86 NOTE
r-devel-windows-x86_64 0.1.1 14.00 108.00 122.00 NOTE
r-patched-linux-x86_64 0.1.1 16.78 108.43 125.21 OK
r-release-linux-x86_64 0.1.1 14.91 108.67 123.58 OK
r-release-macos-arm64 0.1.1 84.00 OK
r-release-macos-x86_64 0.1.1 92.00 OK
r-release-windows-x86_64 0.1.1 13.00 124.00 137.00 OK
r-oldrel-macos-arm64 0.1.1 55.00 OK
r-oldrel-macos-x86_64 0.1.1 100.00 OK
r-oldrel-windows-x86_64 0.1.1 16.00 121.00 137.00 OK

Check Details

Version: 0.1.1
Check: Rd cross-references
Result: NOTE Found the following Rd file(s) with Rd \link{} targets missing package anchors: imDisplay.Rd: cimg imRead.Rd: load.image, imager, cimg Please provide package anchors for all Rd \link{} targets not in the package itself and the base packages. Flavors: r-devel-linux-x86_64-debian-clang, r-devel-linux-x86_64-debian-gcc, r-devel-windows-x86_64

Version: 0.1.1
Check: dependencies in R code
Result: NOTE Namespace in Imports field not imported from: ‘tcltk2’ All declared Imports should be used. Flavors: r-devel-linux-x86_64-fedora-clang, r-devel-linux-x86_64-fedora-gcc