Last updated on 2024-04-18 21:57:10 CEST.
Flavor | Version | Tinstall | Tcheck | Ttotal | Status | Flags |
---|---|---|---|---|---|---|
r-devel-linux-x86_64-debian-clang | 1.1.60 | 256.35 | 28.92 | 285.27 | OK | |
r-devel-linux-x86_64-debian-gcc | 1.1.60 | 46.18 | 20.73 | 66.91 | OK | |
r-devel-linux-x86_64-fedora-clang | 1.1.60 | 307.74 | ERROR | |||
r-devel-linux-x86_64-fedora-gcc | 1.1.60 | 114.62 | OK | |||
r-prerel-macos-arm64 | 1.1.60 | 90.00 | OK | |||
r-prerel-macos-x86_64 | 1.1.60 | 75.00 | OK | |||
r-prerel-windows-x86_64 | 1.1.60 | 126.00 | 38.00 | 164.00 | NOTE | |
r-patched-linux-x86_64 | 1.1.60 | 50.72 | 26.62 | 77.34 | OK | |
r-release-linux-x86_64 | 1.1.60 | 50.25 | 26.49 | 76.74 | OK | |
r-release-macos-arm64 | 1.1.60 | 92.00 | OK | |||
r-release-macos-x86_64 | 1.1.60 | 89.00 | OK | |||
r-release-windows-x86_64 | 1.1.60 | 150.00 | 35.00 | 185.00 | NOTE | |
r-oldrel-macos-arm64 | 1.1.60 | 111.00 | OK | |||
r-oldrel-windows-x86_64 | 1.1.60 | 3.00 | 7.00 | 10.00 | ERROR |
Version: 1.1.60
Check: whether package can be installed
Result: ERROR
Installation failed.
Flavors: r-devel-linux-x86_64-fedora-clang, r-oldrel-windows-x86_64
Version: 1.1.60
Check: installed package size
Result: NOTE
installed size is 5.6Mb
sub-directories of 1Mb or more:
bin 5.5Mb
Flavors: r-prerel-windows-x86_64, r-release-windows-x86_64