Last updated on 2023-11-28 20:48:44 CET.
Flavor | Version | Tinstall | Tcheck | Ttotal | Status | Flags |
---|---|---|---|---|---|---|
r-devel-linux-x86_64-debian-clang | 1.0.1 | 62.11 | 78.50 | 140.61 | NOTE | |
r-devel-linux-x86_64-debian-gcc | 1.0.1 | 45.98 | 57.25 | 103.23 | NOTE | |
r-devel-linux-x86_64-fedora-clang | 1.0.1 | 197.48 | NOTE | |||
r-devel-linux-x86_64-fedora-gcc | 1.0.1 | 186.54 | NOTE | |||
r-devel-windows-x86_64 | 1.0.1 | 57.00 | 96.00 | 153.00 | NOTE | |
r-patched-linux-x86_64 | 1.0.1 | 58.66 | 72.89 | 131.55 | NOTE | |
r-release-linux-x86_64 | 1.0.1 | 41.02 | 71.45 | 112.47 | NOTE | |
r-release-macos-arm64 | 1.0.1 | 53.00 | NOTE | |||
r-release-macos-x86_64 | 1.0.1 | 90.00 | NOTE | |||
r-release-windows-x86_64 | 1.0.1 | 70.00 | 107.00 | 177.00 | NOTE | |
r-oldrel-macos-arm64 | 1.0.1 | 56.00 | NOTE | |||
r-oldrel-macos-x86_64 | 1.0.1 | 70.00 | NOTE | |||
r-oldrel-windows-x86_64 | 1.0.1 | 70.00 | 109.00 | 179.00 | OK |
Version: 1.0.1
Check: C++ specification
Result: NOTE
Specified C++11: please drop specification unless essential
Flavors: r-devel-linux-x86_64-debian-clang, r-devel-linux-x86_64-debian-gcc, r-devel-linux-x86_64-fedora-clang, r-devel-linux-x86_64-fedora-gcc, r-devel-windows-x86_64, r-patched-linux-x86_64, r-release-linux-x86_64, r-release-macos-arm64, r-release-macos-x86_64, r-release-windows-x86_64
Version: 1.0.1
Check: Rd files
Result: NOTE
checkRd: (-1) predict_race.Rd:132: Lost braces in \itemize; meant \describe ?
checkRd: (-1) predict_race.Rd:133: Lost braces in \itemize; meant \describe ?
checkRd: (-1) predict_race.Rd:134: Lost braces in \itemize; meant \describe ?
checkRd: (-1) predict_race.Rd:135: Lost braces in \itemize; meant \describe ?
checkRd: (-1) predict_race.Rd:136: Lost braces in \itemize; meant \describe ?
Flavors: r-devel-linux-x86_64-debian-clang, r-devel-linux-x86_64-debian-gcc
Version: 1.0.1
Check: Rd \usage sections
Result: NOTE
Documented arguments not in \usage in Rd file 'sample_me.Rd':
‘middle_name’ ‘M_rs’ ‘M_rf’ ‘M_rm’ ‘alpha’ ‘me_race’
Functions with \usage entries need to have the appropriate \alias
entries, and all their arguments documented.
The \usage entries must correspond to syntactically valid R code.
See chapter ‘Writing R documentation files’ in the ‘Writing R
Extensions’ manual.
Flavors: r-devel-linux-x86_64-debian-clang, r-devel-linux-x86_64-debian-gcc, r-devel-linux-x86_64-fedora-clang, r-devel-linux-x86_64-fedora-gcc, r-devel-windows-x86_64
Version: 1.0.1
Check: dependencies in R code
Result: NOTE
Namespace in Imports field not imported from: ‘future’
All declared Imports should be used.
Flavors: r-devel-linux-x86_64-fedora-clang, r-devel-linux-x86_64-fedora-gcc, r-oldrel-macos-arm64, r-oldrel-macos-x86_64
Version: 1.0.1
Check: installed package size
Result: NOTE
installed size is 5.7Mb
sub-directories of 1Mb or more:
data 4.1Mb
libs 1.4Mb
Flavors: r-release-macos-arm64, r-release-macos-x86_64, r-oldrel-macos-arm64, r-oldrel-macos-x86_64