Last updated on 2024-04-23 20:52:23 CEST.
Flavor | Version | Tinstall | Tcheck | Ttotal | Status | Flags |
---|---|---|---|---|---|---|
r-devel-linux-x86_64-debian-clang | 1.1-2 | 3.61 | 46.50 | 50.11 | OK | |
r-devel-linux-x86_64-debian-gcc | 1.1-2 | 2.26 | 35.36 | 37.62 | OK | |
r-devel-linux-x86_64-fedora-clang | 1.1-2 | 60.00 | NOTE | |||
r-devel-linux-x86_64-fedora-gcc | 1.1-2 | 58.89 | OK | |||
r-prerel-macos-arm64 | 1.1-2 | 25.00 | NOTE | |||
r-prerel-windows-x86_64 | 1.1-2 | 6.00 | 66.00 | 72.00 | NOTE | |
r-patched-linux-x86_64 | 1.1-2 | 3.54 | 44.16 | 47.70 | OK | |
r-release-linux-x86_64 | 1.1-2 | 2.07 | 44.71 | 46.78 | OK | |
r-release-macos-arm64 | 1.1-2 | 28.00 | NOTE | |||
r-release-macos-x86_64 | 1.1-2 | 37.00 | NOTE | |||
r-release-windows-x86_64 | 1.1-2 | 7.00 | 70.00 | 77.00 | NOTE | |
r-oldrel-macos-arm64 | 1.1-2 | 25.00 | NOTE | |||
r-oldrel-windows-x86_64 | 1.1-2 | 6.00 | 74.00 | 80.00 | NOTE |
Version: 1.1-2
Check: installed package size
Result: NOTE
installed size is 11.4Mb
sub-directories of 1Mb or more:
data 11.2Mb
Flavors: r-devel-linux-x86_64-fedora-clang, r-prerel-macos-arm64, r-prerel-windows-x86_64, r-release-macos-arm64, r-release-macos-x86_64, r-release-windows-x86_64, r-oldrel-macos-arm64, r-oldrel-windows-x86_64