Last updated on 2024-04-22 20:53:54 CEST.
Flavor | Version | Tinstall | Tcheck | Ttotal | Status | Flags |
---|---|---|---|---|---|---|
r-devel-linux-x86_64-debian-clang | 0.6.2 | 14.28 | 107.53 | 121.81 | OK | |
r-devel-linux-x86_64-debian-gcc | 0.6.2 | 13.95 | 76.97 | 90.92 | OK | |
r-devel-linux-x86_64-fedora-clang | 0.6.2 | 156.94 | NOTE | |||
r-devel-linux-x86_64-fedora-gcc | 0.6.2 | 145.54 | OK | |||
r-prerel-macos-arm64 | 0.6.2 | 99.00 | OK | |||
r-prerel-windows-x86_64 | 0.6.2 | 19.00 | 157.00 | 176.00 | OK | |
r-patched-linux-x86_64 | 0.6.2 | 18.10 | 102.78 | 120.88 | OK | |
r-release-linux-x86_64 | 0.6.2 | 10.48 | 101.36 | 111.84 | OK | |
r-release-macos-arm64 | 0.6.2 | 96.00 | OK | |||
r-release-macos-x86_64 | 0.6.2 | 120.00 | OK | |||
r-release-windows-x86_64 | 0.6.2 | 20.00 | 175.00 | 195.00 | OK | |
r-oldrel-macos-arm64 | 0.6.2 | 97.00 | OK | |||
r-oldrel-windows-x86_64 | 0.6.2 | 19.00 | 168.00 | 187.00 | OK |
Version: 0.6.2
Check: package dependencies
Result: NOTE
Imports includes 23 non-default packages.
Importing from so many packages makes the package vulnerable to any of
them becoming unavailable. Move as many as possible to Suggests and
use conditionally.
Flavor: r-devel-linux-x86_64-fedora-clang