CRAN Package Check Results for Package wishmom

Last updated on 2025-11-23 20:49:07 CET.

Flavor Version Tinstall Tcheck Ttotal Status Flags
r-devel-linux-x86_64-debian-clang 1.1.0 2.44 29.65 32.09 OK
r-devel-linux-x86_64-debian-gcc 1.1.0 2.02 22.76 24.78 OK
r-devel-linux-x86_64-fedora-clang 1.1.0 49.91 NOTE
r-devel-linux-x86_64-fedora-gcc 1.1.0 60.51 NOTE
r-devel-windows-x86_64 1.1.0 7.00 48.00 55.00 OK
r-patched-linux-x86_64 1.1.0 3.17 27.80 30.97 OK
r-release-linux-x86_64 1.1.0 2.82 27.82 30.64 OK
r-release-macos-arm64 1.1.0 OK
r-release-macos-x86_64 1.1.0 2.00 59.00 61.00 OK
r-release-windows-x86_64 1.1.0 6.00 60.00 66.00 OK
r-oldrel-macos-arm64 1.1.0 OK
r-oldrel-macos-x86_64 1.1.0 3.00 49.00 52.00 OK
r-oldrel-windows-x86_64 1.1.0 6.00 55.00 61.00 OK

Check Details

Version: 1.1.0
Check: dependencies in R code
Result: NOTE Namespace in Imports field not imported from: ‘roxygen2’ All declared Imports should be used. Flavors: r-devel-linux-x86_64-fedora-clang, r-devel-linux-x86_64-fedora-gcc