Last updated on 2024-04-18 21:57:09 CEST.
Flavor | Version | Tinstall | Tcheck | Ttotal | Status | Flags |
---|---|---|---|---|---|---|
r-devel-linux-x86_64-debian-clang | 0.1.2 | 1.54 | 31.02 | 32.56 | OK | |
r-devel-linux-x86_64-debian-gcc | 0.1.2 | 1.44 | 24.41 | 25.85 | OK | |
r-devel-linux-x86_64-fedora-clang | 0.1.2 | 43.31 | NOTE | |||
r-devel-linux-x86_64-fedora-gcc | 0.1.2 | 52.74 | NOTE | |||
r-prerel-macos-arm64 | 0.1.2 | 25.00 | OK | |||
r-prerel-windows-x86_64 | 0.1.2 | 2.00 | 44.00 | 46.00 | OK | |
r-patched-linux-x86_64 | 0.1.2 | 2.21 | 30.38 | 32.59 | OK | |
r-release-linux-x86_64 | 0.1.2 | 1.90 | 28.90 | 30.80 | OK | |
r-release-macos-arm64 | 0.1.2 | 22.00 | OK | |||
r-release-macos-x86_64 | 0.1.2 | 34.00 | OK | |||
r-release-windows-x86_64 | 0.1.2 | 3.00 | 43.00 | 46.00 | OK | |
r-oldrel-macos-arm64 | 0.1.2 | 23.00 | OK | |||
r-oldrel-windows-x86_64 | 0.1.2 | 4.00 | 48.00 | 52.00 | OK |
Version: 0.1.2
Check: data for non-ASCII characters
Result: NOTE
Note: found 1 marked UTF-8 string
Flavors: r-devel-linux-x86_64-fedora-clang, r-devel-linux-x86_64-fedora-gcc