CRAN Package Check Results for Package widgetframe

Last updated on 2023-01-30 20:56:02 CET.

Flavor Version Tinstall Tcheck Ttotal Status Flags
r-devel-linux-x86_64-debian-clang 0.3.1 3.43 34.80 38.23 NOTE
r-devel-linux-x86_64-debian-gcc 0.3.1 2.64 26.96 29.60 NOTE
r-devel-linux-x86_64-fedora-clang 0.3.1 47.97 NOTE
r-devel-linux-x86_64-fedora-gcc 0.3.1 57.71 NOTE
r-devel-windows-x86_64 0.3.1 27.00 70.00 97.00 NOTE
r-patched-linux-x86_64 0.3.1 2.55 33.99 36.54 NOTE
r-release-linux-x86_64 0.3.1 3.35 33.77 37.12 NOTE
r-release-macos-arm64 0.3.1 19.00 NOTE
r-release-macos-x86_64 0.3.1 28.00 NOTE
r-release-windows-x86_64 0.3.1 21.00 70.00 91.00 NOTE
r-oldrel-macos-arm64 0.3.1 24.00 NOTE
r-oldrel-macos-x86_64 0.3.1 32.00 NOTE
r-oldrel-windows-ix86+x86_64 0.3.1 8.00 60.00 68.00 NOTE

Check Details

Version: 0.3.1
Check: LazyData
Result: NOTE
     'LazyData' is specified without a 'data' directory
Flavors: r-devel-linux-x86_64-debian-clang, r-devel-linux-x86_64-debian-gcc, r-devel-linux-x86_64-fedora-clang, r-devel-linux-x86_64-fedora-gcc, r-devel-windows-x86_64, r-patched-linux-x86_64, r-release-linux-x86_64, r-release-macos-arm64, r-release-macos-x86_64, r-release-windows-x86_64, r-oldrel-macos-arm64, r-oldrel-macos-x86_64, r-oldrel-windows-ix86+x86_64