CRAN Package Check Results for Package whisker

Last updated on 2022-12-03 23:01:44 CET.

Flavor Version Tinstall Tcheck Ttotal Status Flags
r-devel-linux-x86_64-debian-clang 0.4 2.38 22.70 25.08 NOTE
r-devel-linux-x86_64-debian-gcc 0.4 1.68 17.97 19.65 NOTE
r-devel-linux-x86_64-fedora-clang 0.4 42.64 NOTE
r-devel-linux-x86_64-fedora-gcc 0.4 42.32 NOTE
r-devel-windows-x86_64 0.4 16.00 50.00 66.00 NOTE
r-patched-linux-x86_64 0.4 2.05 22.33 24.38 OK
r-release-linux-x86_64 0.4 2.15 22.10 24.25 OK
r-release-macos-arm64 0.4 15.00 OK
r-release-macos-x86_64 0.4 20.00 OK
r-release-windows-x86_64 0.4 19.00 51.00 70.00 OK
r-oldrel-macos-arm64 0.4 18.00 OK
r-oldrel-macos-x86_64 0.4 25.00 OK
r-oldrel-windows-ix86+x86_64 0.4 5.00 46.00 51.00 OK

Check Details

Version: 0.4
Check: HTML version of manual
Result: NOTE
    Found the following HTML validation problems:
    tag2delim.html:40:9 (tag2delim.Rd:12): Warning: <code> anchor "tag" already defined
Flavors: r-devel-linux-x86_64-debian-clang, r-devel-linux-x86_64-debian-gcc, r-devel-linux-x86_64-fedora-clang, r-devel-linux-x86_64-fedora-gcc, r-devel-windows-x86_64