CRAN Package Check Results for Package wfg

Last updated on 2025-11-02 23:49:56 CET.

Flavor Version Tinstall Tcheck Ttotal Status Flags
r-devel-linux-x86_64-debian-clang 0.1 1.94 28.91 30.85 NOTE
r-devel-linux-x86_64-debian-gcc 0.1 2.14 22.67 24.81 NOTE
r-devel-linux-x86_64-fedora-clang 0.1 47.81 OK
r-devel-linux-x86_64-fedora-gcc 0.1 44.95 OK
r-devel-windows-x86_64 0.1 4.00 45.00 49.00 OK
r-patched-linux-x86_64 0.1 2.09 27.50 29.59 OK
r-release-linux-x86_64 0.1 2.18 27.85 30.03 OK
r-release-macos-arm64 0.1 2.00 18.00 20.00 OK
r-release-macos-x86_64 0.1 3.00 28.00 31.00 OK
r-release-windows-x86_64 0.1 5.00 45.00 50.00 OK
r-oldrel-macos-arm64 0.1 1.00 18.00 19.00 OK
r-oldrel-macos-x86_64 0.1 2.00 24.00 26.00 OK
r-oldrel-windows-x86_64 0.1 4.00 53.00 57.00 OK

Check Details

Version: 0.1
Check: CRAN incoming feasibility
Result: NOTE Maintainer: ‘Han Yu <hyu9@buffalo.edu>’ No Authors@R field in DESCRIPTION. Please add one, modifying Authors@R: c(person(given = "Han", family = "Yu", role = c("aut", "cre"), email = "hyu9@buffalo.edu"), person(given = c("Rachael", "Hageman"), family = "Blair", role = "aut")) as necessary. Flavors: r-devel-linux-x86_64-debian-clang, r-devel-linux-x86_64-debian-gcc