Last updated on 2025-11-02 23:49:56 CET.
| Flavor | Version | Tinstall | Tcheck | Ttotal | Status | Flags |
|---|---|---|---|---|---|---|
| r-devel-linux-x86_64-debian-clang | 1.1.2 | 2.11 | 28.57 | 30.68 | OK | |
| r-devel-linux-x86_64-debian-gcc | 1.1.2 | 1.54 | 22.59 | 24.13 | OK | |
| r-devel-linux-x86_64-fedora-clang | 1.1.2 | 44.23 | NOTE | |||
| r-devel-linux-x86_64-fedora-gcc | 1.1.2 | 41.65 | NOTE | |||
| r-devel-windows-x86_64 | 1.1.2 | 4.00 | 48.00 | 52.00 | OK | |
| r-patched-linux-x86_64 | 1.1.2 | 2.09 | 25.97 | 28.06 | OK | |
| r-release-linux-x86_64 | 1.1.2 | 2.03 | 26.18 | 28.21 | OK | |
| r-release-macos-arm64 | 1.1.2 | 1.00 | 119.00 | 120.00 | OK | |
| r-release-macos-x86_64 | 1.1.2 | 2.00 | 35.00 | 37.00 | OK | |
| r-release-windows-x86_64 | 1.1.2 | 4.00 | 47.00 | 51.00 | OK | |
| r-oldrel-macos-arm64 | 1.1.2 | 1.00 | 23.00 | 24.00 | OK | |
| r-oldrel-macos-x86_64 | 1.1.2 | 2.00 | 29.00 | 31.00 | OK | |
| r-oldrel-windows-x86_64 | 1.1.2 | 6.00 | 56.00 | 62.00 | OK |
Version: 1.1.2
Check: dependencies in R code
Result: NOTE
Namespaces in Imports field not imported from:
‘here’ ‘tibble’
All declared Imports should be used.
Flavors: r-devel-linux-x86_64-fedora-clang, r-devel-linux-x86_64-fedora-gcc