Last updated on 2024-04-17 20:57:53 CEST.
Flavor | Version | Tinstall | Tcheck | Ttotal | Status | Flags |
---|---|---|---|---|---|---|
r-devel-linux-x86_64-debian-clang | 1.1.2 | 2.81 | 31.80 | 34.61 | OK | |
r-devel-linux-x86_64-debian-gcc | 1.1.2 | 1.58 | 24.05 | 25.63 | OK | |
r-devel-linux-x86_64-fedora-clang | 1.1.2 | 42.22 | NOTE | |||
r-devel-linux-x86_64-fedora-gcc | 1.1.2 | 42.26 | NOTE | |||
r-prerel-macos-arm64 | 1.1.2 | 24.00 | OK | |||
r-prerel-windows-x86_64 | 1.1.2 | 4.00 | 48.00 | 52.00 | OK | |
r-patched-linux-x86_64 | 1.1.2 | 2.56 | 30.56 | 33.12 | OK | |
r-release-linux-x86_64 | 1.1.2 | 1.57 | 30.20 | 31.77 | OK | |
r-release-macos-arm64 | 1.1.2 | 28.00 | OK | |||
r-release-macos-x86_64 | 1.1.2 | 39.00 | OK | |||
r-release-windows-x86_64 | 1.1.2 | 5.00 | 53.00 | 58.00 | OK | |
r-oldrel-macos-arm64 | 1.1.2 | 30.00 | OK | |||
r-oldrel-windows-x86_64 | 1.1.2 | 4.00 | 53.00 | 57.00 | OK |
Version: 1.1.2
Check: dependencies in R code
Result: NOTE
Namespaces in Imports field not imported from:
‘here’ ‘tibble’
All declared Imports should be used.
Flavors: r-devel-linux-x86_64-fedora-clang, r-devel-linux-x86_64-fedora-gcc