Last updated on 2024-07-17 20:57:15 CEST.
Flavor | Version | Tinstall | Tcheck | Ttotal | Status | Flags |
---|---|---|---|---|---|---|
r-devel-linux-x86_64-debian-clang | 0.8.1 | 40.21 | 195.92 | 236.13 | NOTE | |
r-devel-linux-x86_64-debian-gcc | 0.8.1 | 28.52 | 142.65 | 171.17 | NOTE | |
r-devel-linux-x86_64-fedora-clang | 0.8.1 | 293.05 | NOTE | |||
r-devel-linux-x86_64-fedora-gcc | 0.8.1 | 289.12 | NOTE | |||
r-devel-windows-x86_64 | 0.8.1 | 23.00 | 138.00 | 161.00 | NOTE | |
r-patched-linux-x86_64 | 0.8.1 | 28.54 | 187.46 | 216.00 | NOTE | |
r-release-linux-x86_64 | 0.8.1 | 26.80 | 185.05 | 211.85 | NOTE | |
r-release-macos-arm64 | 0.8.1 | 55.00 | NOTE | |||
r-release-macos-x86_64 | 0.8.1 | 89.00 | NOTE | |||
r-release-windows-x86_64 | 0.8.1 | 24.00 | 141.00 | 165.00 | NOTE | |
r-oldrel-macos-arm64 | 0.8.1 | 63.00 | NOTE | |||
r-oldrel-macos-x86_64 | 0.8.1 | 102.00 | NOTE | |||
r-oldrel-windows-x86_64 | 0.8.1 | 30.00 | 170.00 | 200.00 | NOTE |
Version: 0.8.1
Check: package subdirectories
Result: NOTE
Problems with news in ‘NEWS.md’:
No news entries found.
Flavors: r-devel-linux-x86_64-debian-clang, r-devel-linux-x86_64-debian-gcc, r-devel-linux-x86_64-fedora-clang, r-devel-linux-x86_64-fedora-gcc, r-devel-windows-x86_64, r-patched-linux-x86_64, r-release-linux-x86_64, r-release-macos-arm64, r-release-macos-x86_64, r-release-windows-x86_64, r-oldrel-macos-arm64, r-oldrel-macos-x86_64, r-oldrel-windows-x86_64