CRAN Package Check Results for Package waydown

Last updated on 2023-01-26 19:49:43 CET.

Flavor Version Tinstall Tcheck Ttotal Status Flags
r-devel-linux-x86_64-debian-clang 1.1.0 1.90 228.32 230.22 NOTE
r-devel-linux-x86_64-debian-gcc 1.1.0 1.86 149.41 151.27 NOTE
r-devel-linux-x86_64-fedora-clang 1.1.0 277.95 NOTE
r-devel-linux-x86_64-fedora-gcc 1.1.0 270.23 NOTE
r-patched-linux-x86_64 1.1.0 1.83 204.58 206.41 NOTE
r-release-linux-x86_64 1.1.0 2.48 208.56 211.04 NOTE
r-release-macos-arm64 1.1.0 62.00 NOTE
r-release-macos-x86_64 1.1.0 86.00 NOTE
r-release-windows-x86_64 1.1.0 12.00 266.00 278.00 NOTE
r-oldrel-macos-arm64 1.1.0 79.00 NOTE
r-oldrel-macos-x86_64 1.1.0 123.00 NOTE
r-oldrel-windows-ix86+x86_64 1.1.0 6.00 260.00 266.00 NOTE

Check Details

Version: 1.1.0
Check: LazyData
Result: NOTE
     'LazyData' is specified without a 'data' directory
Flavors: r-devel-linux-x86_64-debian-clang, r-devel-linux-x86_64-debian-gcc, r-devel-linux-x86_64-fedora-clang, r-devel-linux-x86_64-fedora-gcc, r-patched-linux-x86_64, r-release-linux-x86_64, r-release-macos-arm64, r-release-macos-x86_64, r-release-windows-x86_64, r-oldrel-macos-arm64, r-oldrel-macos-x86_64, r-oldrel-windows-ix86+x86_64