Last updated on 2024-04-19 20:56:55 CEST.
Flavor | Version | Tinstall | Tcheck | Ttotal | Status | Flags |
---|---|---|---|---|---|---|
r-devel-linux-x86_64-debian-clang | 0.3-0.2 | 6.90 | 51.14 | 58.04 | OK | |
r-devel-linux-x86_64-debian-gcc | 0.3-0.2 | OK | ||||
r-devel-linux-x86_64-fedora-clang | 0.3-0.2 | 72.69 | NOTE | |||
r-devel-linux-x86_64-fedora-gcc | 0.3-0.2 | 68.58 | NOTE | |||
r-prerel-macos-arm64 | 0.3-0.2 | 23.00 | OK | |||
r-prerel-windows-x86_64 | 0.3-0.2 | 9.00 | 60.00 | 69.00 | OK | |
r-patched-linux-x86_64 | 0.3-0.2 | 7.06 | 47.95 | 55.01 | OK | |
r-release-linux-x86_64 | 0.3-0.2 | 6.73 | 48.43 | 55.16 | OK | |
r-release-macos-arm64 | 0.3-0.2 | 25.00 | OK | |||
r-release-macos-x86_64 | 0.3-0.2 | 36.00 | OK | |||
r-release-windows-x86_64 | 0.3-0.2 | 9.00 | 68.00 | 77.00 | OK | |
r-oldrel-macos-arm64 | 0.3-0.2 | 23.00 | OK | |||
r-oldrel-windows-x86_64 | 0.3-0.2 | 16.00 | 70.00 | 86.00 | OK |
Version: 0.3-0.2
Check: compiled code
Result: NOTE
File ‘wavelets/libs/wavelets.so’:
Found no calls to: ‘R_registerRoutines’, ‘R_useDynamicSymbols’
It is good practice to register native routines and to disable symbol
search.
See ‘Writing portable packages’ in the ‘Writing R Extensions’ manual.
Flavors: r-devel-linux-x86_64-fedora-clang, r-devel-linux-x86_64-fedora-gcc