Last updated on 2025-05-03 21:51:36 CEST.
Flavor | Version | Tinstall | Tcheck | Ttotal | Status | Flags |
---|---|---|---|---|---|---|
r-devel-linux-x86_64-debian-clang | 1.1.3 | 6.67 | 52.55 | 59.22 | NOTE | |
r-devel-linux-x86_64-debian-gcc | 1.1.3 | 4.34 | 37.03 | 41.37 | NOTE | |
r-devel-linux-x86_64-fedora-clang | 1.1.3 | 92.30 | OK | |||
r-devel-linux-x86_64-fedora-gcc | 1.1.3 | 88.65 | OK | |||
r-devel-windows-x86_64 | 1.1.3 | 7.00 | 74.00 | 81.00 | OK | |
r-patched-linux-x86_64 | 1.1.3 | 5.19 | 50.76 | 55.95 | OK | |
r-release-linux-x86_64 | OK | |||||
r-release-macos-arm64 | 1.1.3 | 30.00 | OK | |||
r-release-macos-x86_64 | 1.1.3 | 80.00 | OK | |||
r-release-windows-x86_64 | 1.1.3 | 8.00 | 68.00 | 76.00 | OK | |
r-oldrel-macos-arm64 | 1.1.3 | 87.00 | OK | |||
r-oldrel-macos-x86_64 | 1.1.3 | 41.00 | OK | |||
r-oldrel-windows-x86_64 | 1.1.3 | 9.00 | 77.00 | 86.00 | OK |
Version: 1.1.3
Check: CRAN incoming feasibility
Result: NOTE
Maintainer: ‘Vicente J. Bolos <vicente.bolos@uv.es>’
No Authors@R field in DESCRIPTION.
Please add one, modifying
Authors@R: c(person(given = c("Vicente", "J."),
family = "Bolos",
role = c("aut", "cre"),
email = "vicente.bolos@uv.es"),
person(given = "Rafael",
family = "Benitez",
role = "aut"))
as necessary.
Flavors: r-devel-linux-x86_64-debian-clang, r-devel-linux-x86_64-debian-gcc