Last updated on 2025-02-06 19:49:39 CET.
Flavor | Version | Tinstall | Tcheck | Ttotal | Status | Flags |
---|---|---|---|---|---|---|
r-devel-linux-x86_64-debian-clang | 0.1.0 | 12.27 | 24.08 | 36.35 | NOTE | |
r-devel-linux-x86_64-debian-gcc | 0.1.0 | 9.40 | 19.39 | 28.79 | NOTE | |
r-devel-linux-x86_64-fedora-clang | 0.1.0 | 60.74 | NOTE | |||
r-devel-linux-x86_64-fedora-gcc | 0.1.0 | 64.43 | NOTE | |||
r-devel-windows-x86_64 | 0.1.0 | 14.00 | 65.00 | 79.00 | NOTE | |
r-patched-linux-x86_64 | 0.1.0 | 12.72 | 22.66 | 35.38 | NOTE | |
r-release-linux-x86_64 | 0.1.0 | 12.24 | 22.69 | 34.93 | NOTE | |
r-release-macos-arm64 | 0.1.0 | 22.00 | NOTE | |||
r-release-macos-x86_64 | 0.1.0 | 51.00 | NOTE | |||
r-release-windows-x86_64 | 0.1.0 | 15.00 | 60.00 | 75.00 | NOTE | |
r-oldrel-macos-arm64 | 0.1.0 | 27.00 | NOTE | |||
r-oldrel-macos-x86_64 | 0.1.0 | 39.00 | NOTE | |||
r-oldrel-windows-x86_64 | 0.1.0 | 14.00 | 68.00 | 82.00 | NOTE |
Version: 0.1.0
Check: C++ specification
Result: NOTE
Specified C++11: please drop specification unless essential
Flavors: r-devel-linux-x86_64-debian-clang, r-devel-linux-x86_64-debian-gcc, r-devel-linux-x86_64-fedora-clang, r-devel-linux-x86_64-fedora-gcc, r-devel-windows-x86_64, r-patched-linux-x86_64, r-release-linux-x86_64, r-release-macos-arm64, r-release-macos-x86_64, r-release-windows-x86_64, r-oldrel-macos-arm64, r-oldrel-macos-x86_64, r-oldrel-windows-x86_64