Last updated on 2025-11-25 20:51:11 CET.
| Flavor | Version | Tinstall | Tcheck | Ttotal | Status | Flags |
|---|---|---|---|---|---|---|
| r-devel-linux-x86_64-debian-clang | 1.0.0 | 19.21 | 208.99 | 228.20 | ERROR | |
| r-devel-linux-x86_64-debian-gcc | 1.0.0 | 15.75 | 140.42 | 156.17 | ERROR | |
| r-devel-linux-x86_64-fedora-clang | 1.0.0 | 45.00 | 239.22 | 284.22 | ERROR | |
| r-devel-linux-x86_64-fedora-gcc | 1.0.0 | 40.00 | 308.92 | 348.92 | ERROR | |
| r-devel-windows-x86_64 | 1.0.0 | 22.00 | 212.00 | 234.00 | OK | |
| r-patched-linux-x86_64 | 1.0.0 | 24.36 | 207.85 | 232.21 | OK | |
| r-release-linux-x86_64 | 1.0.0 | 18.49 | 209.57 | 228.06 | OK | |
| r-release-macos-arm64 | 1.0.0 | OK | ||||
| r-release-macos-x86_64 | 1.0.0 | 17.00 | 174.00 | 191.00 | OK | |
| r-release-windows-x86_64 | 1.0.0 | 22.00 | 223.00 | 245.00 | OK | |
| r-oldrel-macos-arm64 | 1.0.0 | OK | ||||
| r-oldrel-macos-x86_64 | 1.0.0 | 17.00 | 151.00 | 168.00 | OK | |
| r-oldrel-windows-x86_64 | 1.0.0 | 29.00 | 278.00 | 307.00 | OK |
Version: 1.0.0
Check: re-building of vignette outputs
Result: ERROR
Error(s) in re-building vignettes:
...
--- re-building ‘waterquality_vignette.Rmd’ using rmarkdown
Quitting from waterquality_vignette.Rmd:111-120 [unnamed-chunk-10]
~~~~~~~~~~~~~~~~~~~~~~~~~~~~~~~~~~~~~~~~~~~~~~~~~~~~~~~~~~~~~~~~~~~~~~~~~~~~~~~~
<error/rlang_error>
Error in `library()`:
! there is no package called 'tmap'
---
Backtrace:
▆
1. └─base::library(tmap)
~~~~~~~~~~~~~~~~~~~~~~~~~~~~~~~~~~~~~~~~~~~~~~~~~~~~~~~~~~~~~~~~~~~~~~~~~~~~~~~~
Error: processing vignette 'waterquality_vignette.Rmd' failed with diagnostics:
there is no package called 'tmap'
--- failed re-building ‘waterquality_vignette.Rmd’
SUMMARY: processing the following file failed:
‘waterquality_vignette.Rmd’
Error: Vignette re-building failed.
Execution halted
Flavors: r-devel-linux-x86_64-debian-clang, r-devel-linux-x86_64-debian-gcc
Version: 1.0.0
Check: re-building of vignette outputs
Result: ERROR
Error(s) in re-building vignettes:
--- re-building ‘waterquality_vignette.Rmd’ using rmarkdown
Quitting from waterquality_vignette.Rmd:111-120 [unnamed-chunk-10]
~~~~~~~~~~~~~~~~~~~~~~~~~~~~~~~~~~~~~~~~~~~~~~~~~~~~~~~~~~~~~~~~~~~~~~~~~~~~~~~~
<error/rlang_error>
Error in `library()`:
! there is no package called 'tmap'
---
Backtrace:
▆
1. └─base::library(tmap)
~~~~~~~~~~~~~~~~~~~~~~~~~~~~~~~~~~~~~~~~~~~~~~~~~~~~~~~~~~~~~~~~~~~~~~~~~~~~~~~~
Error: processing vignette 'waterquality_vignette.Rmd' failed with diagnostics:
there is no package called 'tmap'
--- failed re-building ‘waterquality_vignette.Rmd’
SUMMARY: processing the following file failed:
‘waterquality_vignette.Rmd’
Error: Vignette re-building failed.
Execution halted
Flavors: r-devel-linux-x86_64-fedora-clang, r-devel-linux-x86_64-fedora-gcc