Last updated on 2023-10-04 20:42:43 CEST.
Flavor | Version | Tinstall | Tcheck | Ttotal | Status | Flags |
---|---|---|---|---|---|---|
r-devel-linux-x86_64-debian-clang | 1.0.5 | 14.35 | 38.98 | 53.33 | OK | |
r-devel-linux-x86_64-debian-gcc | 1.0.5 | 13.56 | 30.00 | 43.56 | OK | |
r-devel-linux-x86_64-fedora-clang | 1.0.5 | 70.29 | NOTE | |||
r-devel-linux-x86_64-fedora-gcc | 1.0.5 | 71.38 | NOTE | |||
r-devel-windows-x86_64 | 1.0.5 | 15.00 | 51.00 | 66.00 | OK | |
r-patched-linux-x86_64 | 1.0.5 | 12.04 | 37.82 | 49.86 | OK | |
r-release-linux-x86_64 | 1.0.5 | 17.81 | 37.94 | 55.75 | OK | |
r-release-macos-arm64 | 1.0.5 | 27.00 | OK | |||
r-release-macos-x86_64 | 1.0.5 | 38.00 | OK | |||
r-release-windows-x86_64 | 1.0.5 | 22.00 | 55.00 | 77.00 | OK | |
r-oldrel-macos-arm64 | 1.0.5 | 26.00 | NOTE | |||
r-oldrel-macos-x86_64 | 1.0.5 | 32.00 | NOTE | |||
r-oldrel-windows-x86_64 | 1.0.5 | 20.00 | 56.00 | 76.00 | OK |
Version: 1.0.5
Check: dependencies in R code
Result: NOTE
Namespaces in Imports field not imported from:
‘R6’ ‘WRS2’ ‘ggplot2’
All declared Imports should be used.
Flavors: r-devel-linux-x86_64-fedora-clang, r-devel-linux-x86_64-fedora-gcc, r-oldrel-macos-arm64, r-oldrel-macos-x86_64