CRAN Package Check Results for Package walrus

Last updated on 2022-09-28 21:51:54 CEST.

Flavor Version Tinstall Tcheck Ttotal Status Flags
r-devel-linux-x86_64-debian-clang 1.0.5 17.39 37.74 55.13 OK
r-devel-linux-x86_64-debian-gcc 1.0.5 14.41 29.04 43.45 OK
r-devel-linux-x86_64-fedora-clang 1.0.5 83.19 NOTE
r-devel-linux-x86_64-fedora-gcc 1.0.5 80.41 NOTE
r-devel-windows-x86_64 1.0.5 24.00 65.00 89.00 OK
r-patched-linux-x86_64 1.0.5 17.28 36.46 53.74 OK
r-release-linux-x86_64 1.0.5 16.73 36.71 53.44 OK
r-release-macos-arm64 1.0.5 26.00 NOTE
r-release-macos-x86_64 1.0.5 32.00 NOTE
r-release-windows-x86_64 1.0.5 24.00 63.00 87.00 OK
r-oldrel-macos-arm64 1.0.5 26.00 NOTE
r-oldrel-macos-x86_64 1.0.5 37.00 NOTE
r-oldrel-windows-ix86+x86_64 1.0.5 29.00 63.00 92.00 OK

Check Details

Version: 1.0.5
Check: dependencies in R code
Result: NOTE
    Namespaces in Imports field not imported from:
     ‘R6’ ‘WRS2’ ‘ggplot2’
     All declared Imports should be used.
Flavors: r-devel-linux-x86_64-fedora-clang, r-devel-linux-x86_64-fedora-gcc, r-release-macos-arm64, r-release-macos-x86_64, r-oldrel-macos-arm64, r-oldrel-macos-x86_64