CRAN Package Check Results for Package wallace

Last updated on 2022-11-28 19:59:18 CET.

Flavor Version Tinstall Tcheck Ttotal Status Flags
r-devel-linux-x86_64-debian-clang 1.1.3 4.87 37.82 42.69 OK
r-devel-linux-x86_64-debian-gcc 1.1.3 4.03 30.27 34.30 OK
r-devel-linux-x86_64-fedora-clang 1.1.3 68.06 NOTE
r-devel-linux-x86_64-fedora-gcc 1.1.3 63.11 NOTE
r-devel-windows-x86_64 1.1.3 35.00 68.00 103.00 OK
r-patched-linux-x86_64 1.1.3 4.34 37.31 41.65 OK
r-release-linux-x86_64 1.1.3 4.01 37.31 41.32 OK
r-release-macos-arm64 1.1.3 19.00 NOTE
r-release-macos-x86_64 1.1.3 37.00 NOTE
r-release-windows-x86_64 1.1.3 30.00 72.00 102.00 OK
r-oldrel-macos-arm64 1.1.3 17.00 NOTE
r-oldrel-macos-x86_64 1.1.3 29.00 NOTE
r-oldrel-windows-ix86+x86_64 1.1.3 16.00 67.00 83.00 OK

Check Details

Version: 1.1.3
Check: dependencies in R code
Result: NOTE
    Namespaces in Imports field not imported from:
     ‘DT’ ‘ENMeval’ ‘RColorBrewer’ ‘dismo’ ‘dplyr’ ‘ecospat’ ‘jsonlite’
     ‘leaflet.extras’ ‘raster’ ‘rgdal’ ‘rgeos’ ‘rmarkdown’ ‘shinyjs’ ‘sp’
     ‘spThin’ ‘spocc’ ‘zip’
     All declared Imports should be used.
Flavors: r-devel-linux-x86_64-fedora-clang, r-devel-linux-x86_64-fedora-gcc, r-release-macos-arm64, r-release-macos-x86_64, r-oldrel-macos-arm64, r-oldrel-macos-x86_64