Last updated on 2024-03-28 19:48:49 CET.
Flavor | Version | Tinstall | Tcheck | Ttotal | Status | Flags |
---|---|---|---|---|---|---|
r-devel-linux-x86_64-debian-clang | 2.0.2 | 7.77 | 53.33 | 61.10 | NOTE | |
r-devel-linux-x86_64-debian-gcc | 2.0.2 | 5.15 | 40.30 | 45.45 | NOTE | |
r-devel-linux-x86_64-fedora-clang | 2.0.2 | 78.07 | NOTE | |||
r-devel-linux-x86_64-fedora-gcc | 2.0.2 | 71.59 | NOTE | |||
r-devel-windows-x86_64 | 2.0.2 | 7.00 | 65.00 | 72.00 | NOTE | |
r-patched-linux-x86_64 | 2.0.2 | 6.98 | 51.64 | 58.62 | NOTE | |
r-release-linux-x86_64 | 2.0.2 | 4.21 | 51.37 | 55.58 | OK | |
r-release-macos-arm64 | 2.0.2 | 26.00 | OK | |||
r-release-macos-x86_64 | 2.0.2 | 37.00 | OK | |||
r-release-windows-x86_64 | 2.0.2 | 9.00 | 71.00 | 80.00 | OK | |
r-oldrel-macos-arm64 | 2.0.2 | 22.00 | OK | |||
r-oldrel-windows-x86_64 | 2.0.2 | 10.00 | 71.00 | 81.00 | OK |
Version: 2.0.2
Check: Rd \usage sections
Result: NOTE
Documented arguments not in \usage in Rd file 'Cut.off.Rd':
‘main’
Functions with \usage entries need to have the appropriate \alias
entries, and all their arguments documented.
The \usage entries must correspond to syntactically valid R code.
See chapter ‘Writing R documentation files’ in the ‘Writing R
Extensions’ manual.
Flavors: r-devel-linux-x86_64-debian-clang, r-devel-linux-x86_64-debian-gcc, r-devel-linux-x86_64-fedora-clang, r-devel-linux-x86_64-fedora-gcc, r-devel-windows-x86_64, r-patched-linux-x86_64