CRAN Package Check Results for Package wISAM

Last updated on 2025-07-26 21:50:10 CEST.

Flavor Version Tinstall Tcheck Ttotal Status Flags
r-devel-linux-x86_64-debian-clang 0.2.8 2.39 31.97 34.36 NOTE
r-devel-linux-x86_64-debian-gcc 0.2.8 1.91 27.07 28.98 NOTE
r-devel-linux-x86_64-fedora-clang 0.2.8 51.69 NOTE
r-devel-linux-x86_64-fedora-gcc 0.2.8 53.55 NOTE
r-devel-windows-x86_64 0.2.8 4.00 66.00 70.00 OK
r-patched-linux-x86_64 0.2.8 2.29 32.06 34.35 OK
r-release-linux-x86_64 0.2.8 1.88 31.87 33.75 OK
r-release-macos-arm64 0.2.8 25.00 OK
r-release-macos-x86_64 0.2.8 47.00 OK
r-release-windows-x86_64 0.2.8 3.00 59.00 62.00 OK
r-oldrel-macos-arm64 0.2.8 25.00 OK
r-oldrel-macos-x86_64 0.2.8 39.00 OK
r-oldrel-windows-x86_64 0.2.8 3.00 66.00 69.00 OK

Check Details

Version: 0.2.8
Check: CRAN incoming feasibility
Result: NOTE Maintainer: ‘Robert W. Cort <rcorty@gmail.com>’ No Authors@R field in DESCRIPTION. Please add one, modifying Authors@R: person(given = c("Robert", "W."), family = "Cort", role = c("aut", "cre"), email = "rcorty@gmail.com") as necessary. Flavors: r-devel-linux-x86_64-debian-clang, r-devel-linux-x86_64-debian-gcc

Version: 0.2.8
Check: dependencies in R code
Result: NOTE Namespace in Imports field not imported from: ‘MASS’ All declared Imports should be used. Flavors: r-devel-linux-x86_64-fedora-clang, r-devel-linux-x86_64-fedora-gcc