Last updated on 2024-07-26 20:50:15 CEST.
Flavor | Version | Tinstall | Tcheck | Ttotal | Status | Flags |
---|---|---|---|---|---|---|
r-devel-linux-x86_64-debian-clang | 1.2-2 | 3.29 | 31.34 | 34.63 | NOTE | |
r-devel-linux-x86_64-debian-gcc | 1.2-2 | 2.37 | 23.10 | 25.47 | NOTE | |
r-devel-linux-x86_64-fedora-clang | 1.2-2 | 44.46 | NOTE | |||
r-devel-linux-x86_64-fedora-gcc | 1.2-2 | 40.52 | NOTE | |||
r-devel-windows-x86_64 | 1.2-2 | 4.00 | 42.00 | 46.00 | NOTE | |
r-patched-linux-x86_64 | 1.2-2 | NOTE | ||||
r-release-linux-x86_64 | 1.2-2 | 2.79 | 29.02 | 31.81 | NOTE | |
r-release-macos-arm64 | 1.2-2 | 15.00 | NOTE | |||
r-release-macos-x86_64 | 1.2-2 | 34.00 | NOTE | |||
r-release-windows-x86_64 | 1.2-2 | 3.00 | 42.00 | 45.00 | NOTE | |
r-oldrel-macos-arm64 | 1.2-2 | 17.00 | NOTE | |||
r-oldrel-macos-x86_64 | 1.2-2 | 23.00 | NOTE | |||
r-oldrel-windows-x86_64 | 1.2-2 | 6.00 | 44.00 | 50.00 | NOTE |
Version: 1.2-2
Check: Rd files
Result: NOTE
checkRd: (-1) compute.means.Rd:23: Escaped LaTeX specials: \&
checkRd: (-1) norm.wattfabricius.Rd:5: Escaped LaTeX specials: \&
Flavors: r-devel-linux-x86_64-debian-clang, r-devel-linux-x86_64-debian-gcc, r-devel-linux-x86_64-fedora-clang, r-devel-linux-x86_64-fedora-gcc, r-devel-windows-x86_64, r-patched-linux-x86_64, r-release-linux-x86_64, r-release-macos-arm64, r-release-macos-x86_64, r-release-windows-x86_64, r-oldrel-macos-arm64, r-oldrel-macos-x86_64, r-oldrel-windows-x86_64