CRAN Package Check Results for Package vov

Last updated on 2025-02-20 19:51:48 CET.

Flavor Version Tinstall Tcheck Ttotal Status Flags
r-devel-linux-x86_64-debian-clang 0.1.2 2.64 25.84 28.48 OK
r-devel-linux-x86_64-debian-gcc 0.1.2 1.76 19.82 21.58 OK
r-devel-linux-x86_64-fedora-clang 0.1.2 45.19 OK
r-devel-linux-x86_64-fedora-gcc 0.1.2 42.46 OK
r-devel-macos-arm64 0.1.2 21.00 OK
r-devel-macos-x86_64 0.1.2 34.00 OK
r-devel-windows-x86_64 0.1.2 5.00 58.00 63.00 OK
r-patched-linux-x86_64 0.1.2 3.17 24.63 27.80 NOTE
r-release-linux-x86_64 0.1.2 1.92 24.92 26.84 NOTE
r-release-macos-arm64 0.1.2 21.00 NOTE
r-release-macos-x86_64 0.1.2 27.00 NOTE
r-release-windows-x86_64 0.1.2 4.00 58.00 62.00 NOTE
r-oldrel-macos-arm64 0.1.2 19.00 NOTE
r-oldrel-macos-x86_64 0.1.2 26.00 NOTE
r-oldrel-windows-x86_64 0.1.2 5.00 60.00 65.00 NOTE

Check Details

Version: 0.1.2
Check: LazyData
Result: NOTE 'LazyData' is specified without a 'data' directory Flavors: r-patched-linux-x86_64, r-release-linux-x86_64, r-release-macos-arm64, r-release-macos-x86_64, r-release-windows-x86_64, r-oldrel-macos-arm64, r-oldrel-macos-x86_64, r-oldrel-windows-x86_64