Last updated on 2024-03-27 19:57:09 CET.
Flavor | Version | Tinstall | Tcheck | Ttotal | Status | Flags |
---|---|---|---|---|---|---|
r-devel-linux-x86_64-debian-clang | 0.2.0 | 2.73 | 40.43 | 43.16 | OK | |
r-devel-linux-x86_64-debian-gcc | 0.2.0 | 2.25 | 32.57 | 34.82 | OK | |
r-devel-linux-x86_64-fedora-clang | 0.2.0 | 56.61 | NOTE | |||
r-devel-linux-x86_64-fedora-gcc | 0.2.0 | 67.52 | NOTE | |||
r-devel-windows-x86_64 | 0.2.0 | 4.00 | 60.00 | 64.00 | OK | |
r-patched-linux-x86_64 | 0.2.0 | 2.90 | 39.00 | 41.90 | OK | |
r-release-linux-x86_64 | 0.2.0 | 2.39 | 37.89 | 40.28 | OK | |
r-release-macos-arm64 | 0.2.0 | 28.00 | OK | |||
r-release-macos-x86_64 | 0.2.0 | 44.00 | OK | |||
r-release-windows-x86_64 | 0.2.0 | 4.00 | 60.00 | 64.00 | OK | |
r-oldrel-macos-arm64 | 0.2.0 | 28.00 | OK | |||
r-oldrel-windows-x86_64 | 0.2.0 | 6.00 | 64.00 | 70.00 | OK |
Version: 0.2.0
Check: data for non-ASCII characters
Result: NOTE
Note: found 4954 marked UTF-8 strings
Flavors: r-devel-linux-x86_64-fedora-clang, r-devel-linux-x86_64-fedora-gcc