CRAN Package Check Results for Package vivainsights

Last updated on 2024-06-12 20:59:20 CEST.

Flavor Version Tinstall Tcheck Ttotal Status Flags
r-devel-linux-x86_64-debian-clang 0.5.3 24.99 289.81 314.80 OK
r-devel-linux-x86_64-debian-gcc 0.5.3 0.64 1.79 2.43 ERROR
r-devel-linux-x86_64-fedora-clang 0.5.3 237.73 OK
r-devel-linux-x86_64-fedora-gcc 0.5.3 232.18 OK
r-devel-windows-x86_64 0.5.3 20.00 247.00 267.00 OK
r-patched-linux-x86_64 0.5.2 23.43 278.34 301.77 OK
r-release-linux-x86_64 0.5.3 15.32 271.35 286.67 OK
r-release-macos-arm64 0.5.3 95.00 OK
r-release-macos-x86_64 0.5.3 253.00 OK
r-release-windows-x86_64 0.5.3 19.00 236.00 255.00 OK
r-oldrel-macos-arm64 0.5.3 100.00 OK
r-oldrel-macos-x86_64 0.5.3 203.00 OK
r-oldrel-windows-x86_64 0.5.3 28.00 311.00 339.00 OK

Check Details

Version: 0.5.3
Check: package dependencies
Result: ERROR Packages required but not available: 'dplyr', 'tidyr', 'tidyselect', 'ggplot2', 'reshape2', 'ggrepel', 'purrr', 'networkD3', 'wpa', 'ggraph', 'igraph', 'tidytext', 'ggwordcloud' Package suggested but not available for checking: ‘testthat’ See section ‘The DESCRIPTION file’ in the ‘Writing R Extensions’ manual. Flavor: r-devel-linux-x86_64-debian-gcc