Last updated on 2025-11-22 19:50:46 CET.
| Flavor | Version | Tinstall | Tcheck | Ttotal | Status | Flags |
|---|---|---|---|---|---|---|
| r-devel-linux-x86_64-debian-clang | 1.0.0 | 18.16 | 39.52 | 57.68 | OK | |
| r-devel-linux-x86_64-debian-gcc | 1.0.0 | 14.93 | 31.52 | 46.45 | OK | |
| r-devel-linux-x86_64-fedora-clang | 1.0.0 | 44.00 | 52.94 | 96.94 | NOTE | |
| r-devel-linux-x86_64-fedora-gcc | 1.0.0 | 43.00 | 50.99 | 93.99 | NOTE | |
| r-devel-windows-x86_64 | 1.0.0 | 27.00 | 74.00 | 101.00 | OK | |
| r-patched-linux-x86_64 | 1.0.0 | 21.84 | 36.73 | 58.57 | OK | |
| r-release-linux-x86_64 | 1.0.0 | 20.82 | 36.66 | 57.48 | OK | |
| r-release-macos-arm64 | 1.0.0 | OK | ||||
| r-release-macos-x86_64 | 1.0.0 | 11.00 | 51.00 | 62.00 | OK | |
| r-release-windows-x86_64 | 1.0.0 | 20.00 | 93.00 | 113.00 | OK | |
| r-oldrel-macos-arm64 | 1.0.0 | NOTE | ||||
| r-oldrel-macos-x86_64 | 1.0.0 | 13.00 | 37.00 | 50.00 | NOTE | |
| r-oldrel-windows-x86_64 | 1.0.0 | 24.00 | 89.00 | 113.00 | NOTE |
Version: 1.0.0
Check: compiled code
Result: NOTE
File ‘vita/libs/vita.so’:
Found no calls to: ‘R_registerRoutines’, ‘R_useDynamicSymbols’
It is good practice to register native routines and to disable symbol
search.
See ‘Writing portable packages’ in the ‘Writing R Extensions’ manual.
Flavors: r-devel-linux-x86_64-fedora-clang, r-devel-linux-x86_64-fedora-gcc
Version: 1.0.0
Check: LazyData
Result: NOTE
'LazyData' is specified without a 'data' directory
Flavors: r-oldrel-macos-arm64, r-oldrel-macos-x86_64, r-oldrel-windows-x86_64