CRAN Package Check Results for Package visualFields

Last updated on 2022-10-05 21:53:50 CEST.

Flavor Version Tinstall Tcheck Ttotal Status Flags
r-devel-linux-x86_64-debian-clang 1.0.1 32.00 175.61 207.61 OK
r-devel-linux-x86_64-debian-gcc 1.0.1 27.84 130.37 158.21 OK
r-devel-linux-x86_64-fedora-clang 1.0.1 219.01 NOTE
r-devel-linux-x86_64-fedora-gcc 1.0.1 266.23 OK
r-devel-windows-x86_64 1.0.1 163.00 192.00 355.00 NOTE
r-patched-linux-x86_64 1.0.1 32.48 165.35 197.83 OK
r-release-linux-x86_64 1.0.1 27.25 162.78 190.03 OK
r-release-macos-arm64 1.0.1 68.00 NOTE
r-release-macos-x86_64 1.0.1 122.00 NOTE
r-release-windows-x86_64 1.0.1 152.00 186.00 338.00 NOTE
r-oldrel-macos-arm64 1.0.1 73.00 NOTE
r-oldrel-macos-x86_64 1.0.1 88.00 NOTE
r-oldrel-windows-ix86+x86_64 1.0.1 59.00 191.00 250.00 NOTE

Check Details

Version: 1.0.1
Check: installed package size
Result: NOTE
     installed size is 6.1Mb
     sub-directories of 1Mb or more:
     data 5.7Mb
Flavors: r-devel-linux-x86_64-fedora-clang, r-devel-windows-x86_64, r-release-macos-arm64, r-release-macos-x86_64, r-release-windows-x86_64, r-oldrel-macos-arm64, r-oldrel-macos-x86_64, r-oldrel-windows-ix86+x86_64