Last updated on 2024-04-22 20:53:54 CEST.
Flavor | Version | Tinstall | Tcheck | Ttotal | Status | Flags |
---|---|---|---|---|---|---|
r-devel-linux-x86_64-debian-clang | 1.0.0 | 20.00 | 224.44 | 244.44 | NOTE | |
r-devel-linux-x86_64-debian-gcc | 1.0.0 | 16.86 | 162.93 | 179.79 | NOTE | |
r-devel-linux-x86_64-fedora-clang | 1.0.0 | 306.91 | NOTE | |||
r-devel-linux-x86_64-fedora-gcc | 1.0.0 | 298.59 | NOTE | |||
r-prerel-macos-arm64 | 1.0.0 | 85.00 | NOTE | |||
r-prerel-windows-x86_64 | 1.0.0 | 18.00 | 170.00 | 188.00 | NOTE | |
r-patched-linux-x86_64 | 1.0.0 | 16.92 | 210.34 | 227.26 | NOTE | |
r-release-linux-x86_64 | 1.0.0 | 22.17 | 209.07 | 231.24 | OK | |
r-release-macos-arm64 | 1.0.0 | 85.00 | OK | |||
r-release-macos-x86_64 | 1.0.0 | 137.00 | OK | |||
r-release-windows-x86_64 | 1.0.0 | 24.00 | 204.00 | 228.00 | OK | |
r-oldrel-macos-arm64 | 1.0.0 | 67.00 | OK | |||
r-oldrel-windows-x86_64 | 1.0.0 | 25.00 | 214.00 | 239.00 | OK |
Version: 1.0.0
Check: Rd files
Result: NOTE
checkRd: (-1) compdesc.Rd:24: Lost braces in \itemize; \value handles \item{}{} directly
checkRd: (-1) compdesc.Rd:25: Lost braces in \itemize; \value handles \item{}{} directly
checkRd: (-1) compdesc.Rd:26: Lost braces in \itemize; \value handles \item{}{} directly
checkRd: (-1) compdesc.Rd:27: Lost braces in \itemize; \value handles \item{}{} directly
checkRd: (-1) compdesc.Rd:28: Lost braces in \itemize; \value handles \item{}{} directly
checkRd: (-1) compdesc.Rd:29: Lost braces in \itemize; \value handles \item{}{} directly
checkRd: (-1) compdesc.Rd:30: Lost braces in \itemize; \value handles \item{}{} directly
checkRd: (-1) compdesc.Rd:31: Lost braces in \itemize; \value handles \item{}{} directly
checkRd: (-1) compdesc.Rd:32: Lost braces in \itemize; \value handles \item{}{} directly
Flavors: r-devel-linux-x86_64-debian-clang, r-devel-linux-x86_64-debian-gcc, r-devel-linux-x86_64-fedora-clang, r-devel-linux-x86_64-fedora-gcc, r-prerel-macos-arm64, r-prerel-windows-x86_64, r-patched-linux-x86_64