Last updated on 2024-03-28 19:48:49 CET.
Flavor | Version | Tinstall | Tcheck | Ttotal | Status | Flags |
---|---|---|---|---|---|---|
r-devel-linux-x86_64-debian-clang | 0.10.0 | 148.76 | 232.43 | 381.19 | WARN | |
r-devel-linux-x86_64-debian-gcc | 0.10.0 | 132.25 | 158.07 | 290.32 | OK | |
r-devel-linux-x86_64-fedora-clang | 0.10.0 | 480.11 | NOTE | |||
r-devel-linux-x86_64-fedora-gcc | 0.10.0 | 553.63 | OK | |||
r-devel-windows-x86_64 | 0.10.0 | 110.00 | 334.00 | 444.00 | NOTE | |
r-patched-linux-x86_64 | 0.10.0 | 164.08 | 234.70 | 398.78 | OK | |
r-release-linux-x86_64 | 0.10.0 | 144.53 | 230.15 | 374.68 | OK | |
r-release-macos-arm64 | 0.10.0 | 152.00 | NOTE | |||
r-release-macos-x86_64 | 0.10.0 | 389.00 | NOTE | |||
r-release-windows-x86_64 | 0.10.0 | 139.00 | 377.00 | 516.00 | NOTE | |
r-oldrel-macos-arm64 | 0.10.0 | 150.00 | NOTE | |||
r-oldrel-windows-x86_64 | 0.10.0 | 131.00 | 373.00 | 504.00 | NOTE |
Version: 0.10.0
Check: whether package can be installed
Result: WARN
Found the following significant warnings:
/usr/bin/../lib/gcc/x86_64-linux-gnu/14/../../../../include/c++/14/functional:558:2: warning: 'result_of<std::_Bind<(lambda at /home/hornik/tmp/R.check/r-devel-clang/Work/build/Packages/rvinecopulib/include/vinecopulib/bicop/implementation/class.ipp:822:28) (vinecopulib::Bicop)> &()>' is deprecated: use 'std::invoke_result' instead [-Wdeprecated-declarations]
/usr/bin/../lib/gcc/x86_64-linux-gnu/14/../../../../include/c++/14/functional:558:2: warning: 'result_of<std::_Bind<(lambda at ../inst/include/dvine_reg_selector.hpp:113:34) (unsigned long)> &()>' is deprecated: use 'std::invoke_result' instead [-Wdeprecated-declarations]
/usr/bin/../lib/gcc/x86_64-linux-gnu/14/../../../../include/c++/14/functional:558:2: warning: 'result_of<std::_Bind<(lambda at /home/hornik/tmp/R.check/r-devel-clang/Work/build/Packages/rvinecopulib/include/vinecopulib/vinecop/implementation/tools_select.ipp:367:21) (unsigned long)> &()>' is deprecated: use 'std::invoke_result' instead [-Wdeprecated-declarations]
/usr/bin/../lib/gcc/x86_64-linux-gnu/14/../../../../include/c++/14/functional:558:2: warning: 'result_of<std::_Bind<(lambda at /home/hornik/tmp/R.check/r-devel-clang/Work/build/Packages/rvinecopulib/include/vinecopulib/vinecop/implementation/tools_select.ipp:954:20) (boost::detail::edge_desc_impl<boost::undirected_tag, unsigned long>)> &()>' is deprecated: use 'std::invoke_result' instead [-Wdeprecated-declarations]
/usr/bin/../lib/gcc/x86_64-linux-gnu/14/../../../../include/c++/14/functional:558:2: warning: 'result_of<std::_Bind<(lambda at /home/hornik/tmp/R.check/r-devel-clang/Work/build/Packages/rvinecopulib/include/vinecopulib/vinecop/implementation/class.ipp:770:19) (vinecopulib::tools_batch::Batch)> &()>' is deprecated: use 'std::invoke_result' instead [-Wdeprecated-declarations]
/usr/bin/../lib/gcc/x86_64-linux-gnu/14/../../../../include/c++/14/functional:558:2: warning: 'result_of<std::_Bind<(lambda at /home/hornik/tmp/R.check/r-devel-clang/Work/build/Packages/rvinecopulib/include/vinecopulib/vinecop/implementation/class.ipp:1090:19) (vinecopulib::tools_batch::Batch)> &()>' is deprecated: use 'std::invoke_result' instead [-Wdeprecated-declarations]
/usr/bin/../lib/gcc/x86_64-linux-gnu/14/../../../../include/c++/14/functional:558:2: warning: 'result_of<std::_Bind<(lambda at /home/hornik/tmp/R.check/r-devel-clang/Work/build/Packages/rvinecopulib/include/vinecopulib/vinecop/implementation/class.ipp:1206:19) (vinecopulib::tools_batch::Batch)> &()>' is deprecated: use 'std::invoke_result' instead [-Wdeprecated-declarations]
/usr/bin/../lib/gcc/x86_64-linux-gnu/14/../../../../include/c++/14/functional:558:2: warning: 'result_of<(lambda at /home/hornik/tmp/R.check/r-devel-clang/Work/build/Packages/RcppThread/include/RcppThread/ThreadPool.hpp:187:24) &()>' is deprecated: use 'std::invoke_result' instead [-Wdeprecated-declarations]
/usr/bin/../lib/gcc/x86_64-linux-gnu/14/../../../../include/c++/14/functional:558:2: warning: 'result_of<std::_Bind<(lambda at /home/hornik/tmp/R.check/r-devel-clang/Work/build/Packages/RcppThread/include/RcppThread/ThreadPool.hpp:187:24) ()> &()>' is deprecated: use 'std::invoke_result' instead [-Wdeprecated-declarations]
/usr/bin/../lib/gcc/x86_64-linux-gnu/14/../../../../include/c++/14/functional:558:2: warning: 'result_of<(lambda at /home/hornik/tmp/R.check/r-devel-clang/Work/build/Packages/RcppThread/include/RcppThread/ThreadPool.hpp:200:24) &()>' is deprecated: use 'std::invoke_result' instead [-Wdeprecated-declarations]
/usr/bin/../lib/gcc/x86_64-linux-gnu/14/../../../../include/c++/14/functional:558:2: warning: 'result_of<std::_Bind<(lambda at /home/hornik/tmp/R.check/r-devel-clang/Work/build/Packages/RcppThread/include/RcppThread/ThreadPool.hpp:200:24) ()> &()>' is deprecated: use 'std::invoke_result' instead [-Wdeprecated-declarations]
/usr/bin/../lib/gcc/x86_64-linux-gnu/14/../../../../include/c++/14/functional:558:2: warning: 'result_of<std::_Bind<(lambda at vinereg.cpp:149:21) (vinecopulib::tools_batch::Batch)> &()>' is deprecated: use 'std::invoke_result' instead [-Wdeprecated-declarations]
/usr/bin/../lib/gcc/x86_64-linux-gnu/14/../../../../include/c++/14/functional:558:2: warning: 'result_of<std::_Bind<(lambda at vinereg.cpp:251:21) (vinecopulib::tools_batch::Batch)> &()>' is deprecated: use 'std::invoke_result' instead [-Wdeprecated-declarations]
/usr/bin/../lib/gcc/x86_64-linux-gnu/14/../../../../include/c++/14/functional:558:2: warning: 'result_of<std::_Bind<(lambda at vinereg.cpp:350:21) (vinecopulib::tools_batch::Batch)> &()>' is deprecated: use 'std::invoke_result' instead [-Wdeprecated-declarations]
See ‘/home/hornik/tmp/R.check/r-devel-clang/Work/PKGS/vinereg.Rcheck/00install.out’ for details.
* used C++ compiler: ‘Debian clang version 18.1.0 (rc4-1)’
Flavor: r-devel-linux-x86_64-debian-clang
Version: 0.10.0
Check: installed package size
Result: NOTE
installed size is 6.4Mb
sub-directories of 1Mb or more:
doc 1.4Mb
libs 4.8Mb
Flavors: r-devel-linux-x86_64-fedora-clang, r-devel-windows-x86_64, r-release-macos-arm64, r-release-macos-x86_64, r-release-windows-x86_64, r-oldrel-macos-arm64, r-oldrel-windows-x86_64