Last updated on 2023-06-07 21:01:36 CEST.
Flavor | Version | Tinstall | Tcheck | Ttotal | Status | Flags |
---|---|---|---|---|---|---|
r-devel-linux-x86_64-debian-clang | 0.8.3 | 135.51 | 222.93 | 358.44 | NOTE | |
r-devel-linux-x86_64-debian-gcc | 0.8.3 | 128.25 | 157.13 | 285.38 | NOTE | |
r-devel-linux-x86_64-fedora-clang | 0.8.3 | 452.68 | NOTE | |||
r-devel-linux-x86_64-fedora-gcc | 0.8.3 | 522.38 | NOTE | |||
r-devel-windows-x86_64 | 0.8.3 | 107.00 | 340.00 | 447.00 | NOTE | |
r-patched-linux-x86_64 | 0.8.3 | 129.79 | 225.63 | 355.42 | NOTE | |
r-release-linux-x86_64 | 0.8.3 | 129.38 | 225.50 | 354.88 | NOTE | |
r-release-macos-arm64 | 0.8.3 | 155.00 | NOTE | |||
r-release-macos-x86_64 | 0.8.3 | 248.00 | NOTE | |||
r-release-windows-x86_64 | 0.8.3 | 135.00 | 358.00 | 493.00 | NOTE | |
r-oldrel-macos-arm64 | 0.8.3 | 149.00 | NOTE | |||
r-oldrel-macos-x86_64 | 0.8.3 | 191.00 | NOTE | |||
r-oldrel-windows-x86_64 | 0.8.3 | 121.00 | 358.00 | 479.00 | NOTE |
Version: 0.8.3
Check: C++ specification
Result: NOTE
Specified C++11: please drop specification unless essential
Flavors: r-devel-linux-x86_64-debian-clang, r-devel-linux-x86_64-debian-gcc, r-devel-linux-x86_64-fedora-clang, r-devel-linux-x86_64-fedora-gcc, r-devel-windows-x86_64, r-patched-linux-x86_64, r-release-linux-x86_64, r-release-macos-arm64, r-release-macos-x86_64, r-release-windows-x86_64
Version: 0.8.3
Check: package subdirectories
Result: NOTE
Problems with news in ‘NEWS.md’:
Cannot extract version info from the following section titles:
NEW FEATURES
Flavors: r-devel-linux-x86_64-debian-clang, r-devel-linux-x86_64-debian-gcc, r-devel-linux-x86_64-fedora-clang, r-devel-linux-x86_64-fedora-gcc, r-devel-windows-x86_64, r-patched-linux-x86_64, r-release-linux-x86_64, r-release-macos-arm64, r-release-macos-x86_64, r-release-windows-x86_64
Version: 0.8.3
Check: installed package size
Result: NOTE
installed size is 6.4Mb
sub-directories of 1Mb or more:
doc 1.4Mb
libs 4.8Mb
Flavors: r-devel-linux-x86_64-fedora-clang, r-devel-windows-x86_64, r-release-macos-arm64, r-release-macos-x86_64, r-release-windows-x86_64, r-oldrel-macos-arm64, r-oldrel-macos-x86_64, r-oldrel-windows-x86_64