CRAN Package Check Results for Package vinereg

Last updated on 2024-06-12 20:59:20 CEST.

Flavor Version Tinstall Tcheck Ttotal Status Flags
r-devel-linux-x86_64-debian-clang 0.10.0 166.24 231.99 398.23 OK
r-devel-linux-x86_64-debian-gcc 0.10.0 121.68 44.48 166.16 ERROR
r-devel-linux-x86_64-fedora-clang 0.10.0 490.91 NOTE
r-devel-linux-x86_64-fedora-gcc 0.10.0 572.60 OK
r-devel-windows-x86_64 0.10.0 106.00 331.00 437.00 NOTE
r-patched-linux-x86_64 0.10.0 150.60 236.63 387.23 OK
r-release-linux-x86_64 0.10.0 149.31 242.95 392.26 OK
r-release-macos-arm64 0.10.0 139.00 NOTE
r-release-macos-x86_64 0.10.0 241.00 NOTE
r-release-windows-x86_64 0.10.0 114.00 353.00 467.00 NOTE
r-oldrel-macos-arm64 0.10.0 152.00 NOTE
r-oldrel-macos-x86_64 0.10.0 389.00 NOTE
r-oldrel-windows-x86_64 0.10.0 138.00 366.00 504.00 NOTE

Check Details

Version: 0.10.0
Check: package dependencies
Result: NOTE Packages suggested but not available for checking: 'ggplot2', 'AppliedPredictiveModeling', 'tidyr', 'dplyr', 'purrr', 'testthat' Flavor: r-devel-linux-x86_64-debian-gcc

Version: 0.10.0
Check: examples
Result: ERROR Running examples in ‘vinereg-Ex.R’ failed The error most likely occurred in: > base::assign(".ptime", proc.time(), pos = "CheckExEnv") > ### Name: plot_effects > ### Title: Plot marginal effects of a D-vine regression model > ### Aliases: plot_effects > > ### ** Examples > > # simulate data > x <- matrix(rnorm(200), 100, 2) > y <- x %*% c(1, -2) > dat <- data.frame(y = y, x = x, z = as.factor(rbinom(100, 2, 0.5))) > > # fit vine regression model > fit <- vinereg(y ~ ., dat) > plot_effects(fit) Error in plot_effects(fit) : The 'ggplot2' package must be installed to plot. Execution halted Flavor: r-devel-linux-x86_64-debian-gcc

Version: 0.10.0
Check: re-building of vignette outputs
Result: ERROR Error(s) in re-building vignettes: ... --- re-building ‘abalone-example.Rmd’ using rmarkdown Quitting from lines 47-56 [unnamed-chunk-3] (abalone-example.Rmd) Error: processing vignette 'abalone-example.Rmd' failed with diagnostics: there is no package called 'AppliedPredictiveModeling' --- failed re-building ‘abalone-example.Rmd’ --- re-building ‘bike-rental.Rmd’ using rmarkdown Quitting from lines 59-67 [unnamed-chunk-4] (bike-rental.Rmd) Error: processing vignette 'bike-rental.Rmd' failed with diagnostics: could not find function "%>%" --- failed re-building ‘bike-rental.Rmd’ SUMMARY: processing the following files failed: ‘abalone-example.Rmd’ ‘bike-rental.Rmd’ Error: Vignette re-building failed. Execution halted Flavor: r-devel-linux-x86_64-debian-gcc

Version: 0.10.0
Check: installed package size
Result: NOTE installed size is 6.4Mb sub-directories of 1Mb or more: doc 1.4Mb libs 4.8Mb Flavors: r-devel-linux-x86_64-fedora-clang, r-devel-windows-x86_64, r-release-macos-arm64, r-release-macos-x86_64, r-release-windows-x86_64, r-oldrel-macos-arm64, r-oldrel-macos-x86_64, r-oldrel-windows-x86_64