Last updated on 2025-02-16 20:50:53 CET.
Flavor | Version | Tinstall | Tcheck | Ttotal | Status | Flags |
---|---|---|---|---|---|---|
r-devel-linux-x86_64-debian-clang | 1.1.3 | 28.37 | 218.17 | 246.54 | NOTE | |
r-devel-linux-x86_64-debian-gcc | 1.1.3 | 16.02 | 142.67 | 158.69 | NOTE | |
r-devel-linux-x86_64-fedora-clang | 1.1.3 | 380.91 | OK | |||
r-devel-linux-x86_64-fedora-gcc | 1.1.3 | 371.48 | OK | |||
r-devel-macos-arm64 | 1.1.3 | 100.00 | OK | |||
r-devel-macos-x86_64 | 1.1.3 | 226.00 | OK | |||
r-devel-windows-x86_64 | 1.1.3 | 33.00 | 229.00 | 262.00 | OK | |
r-patched-linux-x86_64 | 1.1.3 | 27.41 | 196.67 | 224.08 | OK | |
r-release-linux-x86_64 | 1.1.3 | 26.34 | 196.80 | 223.14 | OK | |
r-release-macos-arm64 | 1.1.3 | 103.00 | NOTE | |||
r-release-macos-x86_64 | 1.1.3 | 158.00 | NOTE | |||
r-release-windows-x86_64 | 1.1.3 | 34.00 | 226.00 | 260.00 | OK | |
r-oldrel-macos-arm64 | 1.1.3 | 105.00 | NOTE | |||
r-oldrel-macos-x86_64 | 1.1.3 | 221.00 | NOTE | |||
r-oldrel-windows-x86_64 | 1.1.3 | 38.00 | 273.00 | 311.00 | OK |
Version: 1.1.3
Check: for unstated dependencies in ‘demo’
Result: NOTE
'::' or ':::' import not declared from: ‘eixport’
'library' or 'require' calls not declared from:
‘ggplot2’ ‘sp’
Flavors: r-devel-linux-x86_64-debian-clang, r-devel-linux-x86_64-debian-gcc
Version: 1.1.3
Check: installed package size
Result: NOTE
installed size is 5.2Mb
sub-directories of 1Mb or more:
R 3.4Mb
help 1.1Mb
Flavors: r-release-macos-arm64, r-release-macos-x86_64, r-oldrel-macos-arm64, r-oldrel-macos-x86_64