Last updated on 2024-07-17 20:57:14 CEST.
Flavor | Version | Tinstall | Tcheck | Ttotal | Status | Flags |
---|---|---|---|---|---|---|
r-devel-linux-x86_64-debian-clang | 0.1.0 | 3.06 | 34.59 | 37.65 | OK | |
r-devel-linux-x86_64-debian-gcc | 0.1.0 | 2.50 | 27.09 | 29.59 | OK | |
r-devel-linux-x86_64-fedora-clang | 0.1.0 | 48.91 | NOTE | |||
r-devel-linux-x86_64-fedora-gcc | 0.1.0 | 45.44 | NOTE | |||
r-devel-windows-x86_64 | 0.1.0 | 5.00 | 51.00 | 56.00 | OK | |
r-patched-linux-x86_64 | 0.1.0 | 2.30 | 34.64 | 36.94 | OK | |
r-release-linux-x86_64 | 0.1.0 | 2.05 | 34.43 | 36.48 | OK | |
r-release-macos-arm64 | 0.1.0 | 20.00 | OK | |||
r-release-macos-x86_64 | 0.1.0 | 32.00 | OK | |||
r-release-windows-x86_64 | 0.1.0 | 5.00 | 52.00 | 57.00 | OK | |
r-oldrel-macos-arm64 | 0.1.0 | 22.00 | OK | |||
r-oldrel-macos-x86_64 | 0.1.0 | 28.00 | OK | |||
r-oldrel-windows-x86_64 | 0.1.0 | 6.00 | 55.00 | 61.00 | OK |
Version: 0.1.0
Check: dependencies in R code
Result: NOTE
Namespace in Imports field not imported from: ‘pander’
All declared Imports should be used.
Flavors: r-devel-linux-x86_64-fedora-clang, r-devel-linux-x86_64-fedora-gcc