Last updated on 2024-04-18 21:57:09 CEST.
Flavor | Version | Tinstall | Tcheck | Ttotal | Status | Flags |
---|---|---|---|---|---|---|
r-devel-linux-x86_64-debian-clang | 0.1.3-2 | 3.23 | 32.35 | 35.58 | OK | |
r-devel-linux-x86_64-debian-gcc | 0.1.3-2 | 2.26 | 23.17 | 25.43 | OK | |
r-devel-linux-x86_64-fedora-clang | 0.1.3-2 | 44.39 | OK | |||
r-devel-linux-x86_64-fedora-gcc | 0.1.3-2 | 41.29 | OK | |||
r-prerel-macos-arm64 | 0.1.3-2 | 17.00 | OK | |||
r-prerel-windows-x86_64 | 0.1.3-2 | 3.00 | 45.00 | 48.00 | OK | |
r-patched-linux-x86_64 | 0.1.3-2 | 3.45 | 30.01 | 33.46 | OK | |
r-release-linux-x86_64 | 0.1.3-2 | 2.43 | 30.11 | 32.54 | OK | |
r-release-macos-arm64 | 0.1.3-2 | 18.00 | OK | |||
r-release-macos-x86_64 | 0.1.3-2 | 24.00 | NOTE | |||
r-release-windows-x86_64 | 0.1.3-2 | 4.00 | 47.00 | 51.00 | OK | |
r-oldrel-macos-arm64 | 0.1.3-2 | 18.00 | OK | |||
r-oldrel-windows-x86_64 | 0.1.3-2 | 4.00 | 51.00 | 55.00 | OK |
Version: 0.1.3-2
Check: package dependencies
Result: NOTE
Package suggested but not available for checking: ‘ggtern’
Flavor: r-release-macos-x86_64