CRAN Package Check Results for Package vcr

Last updated on 2022-11-29 20:53:15 CET.

Flavor Version Tinstall Tcheck Ttotal Status Flags
r-devel-linux-x86_64-debian-clang 1.2.0 26.03 91.24 117.27 OK
r-devel-linux-x86_64-debian-gcc 1.2.0 17.75 69.03 86.78 OK
r-devel-linux-x86_64-fedora-clang 1.2.0 153.85 NOTE
r-devel-linux-x86_64-fedora-gcc 1.2.0 151.85 OK
r-devel-windows-x86_64 1.2.0 77.00 157.00 234.00 NOTE
r-patched-linux-x86_64 1.2.0 22.75 80.20 102.95 OK
r-release-linux-x86_64 1.2.0 18.45 69.06 87.51 OK
r-release-macos-arm64 1.2.0 67.00 NOTE
r-release-macos-x86_64 1.2.0 65.00 NOTE
r-release-windows-x86_64 1.2.0 76.00 143.00 219.00 NOTE
r-oldrel-macos-arm64 1.2.0 77.00 NOTE
r-oldrel-macos-x86_64 1.2.0 76.00 NOTE
r-oldrel-windows-ix86+x86_64 1.2.0 38.00 130.00 168.00 NOTE

Check Details

Version: 1.2.0
Check: installed package size
Result: NOTE
     installed size is 8.3Mb
     sub-directories of 1Mb or more:
     doc 7.1Mb
Flavors: r-devel-linux-x86_64-fedora-clang, r-devel-windows-x86_64, r-release-macos-arm64, r-release-macos-x86_64, r-release-windows-x86_64, r-oldrel-macos-arm64, r-oldrel-macos-x86_64, r-oldrel-windows-ix86+x86_64