Last updated on 2025-04-15 21:50:52 CEST.
Flavor | Version | Tinstall | Tcheck | Ttotal | Status | Flags |
---|---|---|---|---|---|---|
r-devel-linux-x86_64-debian-clang | 1.7.0 | 23.16 | 84.30 | 107.46 | OK | |
r-devel-linux-x86_64-debian-gcc | 1.7.0 | 12.30 | 62.18 | 74.48 | OK | |
r-devel-linux-x86_64-fedora-clang | 1.7.0 | 167.73 | OK | |||
r-devel-linux-x86_64-fedora-gcc | 1.7.0 | 178.18 | OK | |||
r-devel-windows-x86_64 | 1.7.0 | 23.00 | 122.00 | 145.00 | OK | |
r-patched-linux-x86_64 | 1.7.0 | 22.88 | 81.93 | 104.81 | OK | |
r-release-linux-x86_64 | 1.7.0 | 22.45 | 81.40 | 103.85 | OK | |
r-release-macos-arm64 | 1.7.0 | 86.00 | OK | |||
r-release-macos-x86_64 | 1.7.0 | 153.00 | OK | |||
r-release-windows-x86_64 | 1.7.0 | 25.00 | 121.00 | 146.00 | OK | |
r-oldrel-macos-arm64 | 1.7.0 | 218.00 | NOTE | |||
r-oldrel-macos-x86_64 | 1.7.0 | 187.00 | NOTE | |||
r-oldrel-windows-x86_64 | 1.7.0 | 31.00 | 144.00 | 175.00 | NOTE |
Version: 1.7.0
Check: installed package size
Result: NOTE
installed size is 8.6Mb
sub-directories of 1Mb or more:
doc 7.5Mb
Flavors: r-oldrel-macos-arm64, r-oldrel-macos-x86_64, r-oldrel-windows-x86_64