Last updated on 2025-11-02 23:49:56 CET.
| Flavor | Version | Tinstall | Tcheck | Ttotal | Status | Flags | 
|---|---|---|---|---|---|---|
| r-devel-linux-x86_64-debian-clang | 0.0.6 | 3.90 | 53.44 | 57.34 | OK | |
| r-devel-linux-x86_64-debian-gcc | 0.0.6 | 2.38 | 37.67 | 40.05 | OK | |
| r-devel-linux-x86_64-fedora-clang | 0.0.6 | 85.61 | NOTE | |||
| r-devel-linux-x86_64-fedora-gcc | 0.0.6 | 81.44 | NOTE | |||
| r-devel-windows-x86_64 | 0.0.6 | 7.00 | 64.00 | 71.00 | OK | |
| r-patched-linux-x86_64 | 0.0.6 | 3.67 | 48.57 | 52.24 | OK | |
| r-release-linux-x86_64 | 0.0.6 | 3.59 | 47.65 | 51.24 | OK | |
| r-release-macos-arm64 | 0.0.6 | 2.00 | 24.00 | 26.00 | OK | |
| r-release-macos-x86_64 | 0.0.6 | 3.00 | 46.00 | 49.00 | OK | |
| r-release-windows-x86_64 | 0.0.6 | 6.00 | 63.00 | 69.00 | OK | |
| r-oldrel-macos-arm64 | 0.0.6 | 2.00 | 28.00 | 30.00 | OK | |
| r-oldrel-macos-x86_64 | 0.0.6 | 3.00 | 45.00 | 48.00 | OK | |
| r-oldrel-windows-x86_64 | 0.0.6 | 8.00 | 78.00 | 86.00 | OK | 
Version: 0.0.6
Check: dependencies in R code
Result: NOTE
  Namespaces in Imports field not imported from:
    ‘methods’ ‘survival’
    All declared Imports should be used.
Flavors: r-devel-linux-x86_64-fedora-clang, r-devel-linux-x86_64-fedora-gcc