Last updated on 2025-10-20 20:49:45 CEST.
Flavor | Version | Tinstall | Tcheck | Ttotal | Status | Flags |
---|---|---|---|---|---|---|
r-devel-linux-x86_64-debian-clang | 1.2.0 | 14.81 | 49.53 | 64.34 | OK | |
r-devel-linux-x86_64-debian-gcc | 1.2.0 | 9.05 | 37.73 | 46.78 | NOTE | |
r-devel-linux-x86_64-fedora-clang | 1.2.0 | 99.07 | OK | |||
r-devel-linux-x86_64-fedora-gcc | 1.2.0 | 109.80 | OK | |||
r-devel-windows-x86_64 | 1.2.0 | 14.00 | 72.00 | 86.00 | OK | |
r-patched-linux-x86_64 | 1.2.0 | 14.61 | 46.20 | 60.81 | OK | |
r-release-linux-x86_64 | 1.2.0 | 12.98 | 46.59 | 59.57 | OK | |
r-release-macos-arm64 | 1.2.0 | 47.00 | OK | |||
r-release-macos-x86_64 | 1.2.0 | 69.00 | OK | |||
r-release-windows-x86_64 | 1.2.0 | 15.00 | 73.00 | 88.00 | OK | |
r-oldrel-macos-arm64 | 1.2.0 | 34.00 | OK | |||
r-oldrel-macos-x86_64 | 1.2.0 | 52.00 | OK | |||
r-oldrel-windows-x86_64 | 1.2.0 | 19.00 | 84.00 | 103.00 | OK |
Version: 1.2.0
Check: HTML version of manual
Result: NOTE
Found the following HTML validation problems:
vault_api_client.html:163:1 (vault_api_client.Rd:116): Warning: <h5> anchor "Usage" already defined
vault_api_client.html:169:1 (vault_api_client.Rd:120): Warning: <h5> anchor "Arguments" already defined
vault_api_client.html:200:1 (vault_api_client.Rd:141): Warning: <h5> anchor "Usage" already defined
vault_api_client.html:216:1 (vault_api_client.Rd:151): Warning: <h5> anchor "Usage" already defined
vault_api_client.html:222:1 (vault_api_client.Rd:155): Warning: <h5> anchor "Arguments" already defined
vault_api_client.html:255:1 (vault_api_client.Rd:178): Warning: <h5> anchor "Usage" already defined
vault_api_client.html:261:1 (vault_api_client.Rd:182): Warning: <h5> anchor "Arguments" already defined
vault_api_client.html:289:1 (vault_api_client.Rd:200): Warning: <h5> anchor "Usage" already defined
vault_api_client.html:295:1 (vault_api_client.Rd:204): Warning: <h5> anchor "Arguments" already defined
vault_api_client.html:319:1 (vault_api_client.Rd:218): Warning: <h5> anchor "Usage" already defined
vault_api_client.html:325:1 (vault_api_client.Rd:222): Warning: <h5> anchor "Arguments" already defined
vault_api_client.html:353:1 (vault_api_client.Rd:240): Warning: <h5> anchor "Usage" already defined
vault_api_client.html:359:1 (vault_api_client.Rd:244): Warning: <h5> anchor "Arguments" already defined
vault_api_client.html:387:1 (vault_api_client.Rd:262): Warning: <h5> anchor "Usage" already defined
vault_api_client.html:393:1 (vault_api_client.Rd:266): Warning: <h5> anchor "Arguments" already defined
vault_api_client.html:421:1 (vault_api_client.Rd:284): Warning: <h5> anchor "Usage" already defined
vault_api_client.html:427:1 (vault_api_client.Rd:288): Warning: <h5> anchor "Arguments" already defined
vault_api_client.html:455:1 (vault_api_client.Rd:306): Warning: <h5> anchor "Usage" already defined
vault_api_client.html:461:1 (vault_api_client.Rd:310): Warning: <h5> anchor "Arguments" already defined
vault_client.html:247:1 (vault_client.Rd:203): Warning: <h5> anchor "Usage" already defined
vault_client.html:267:1 (vault_client.Rd:217): Warning: <h5> anchor "Usage" already defined
vault_client.html:273:1 (vault_client.Rd:221): Warning: <h5> anchor "Arguments" already defined
vault_client.html:312:1 (vault_client.Rd:250): Warning: <h5> anchor "Usage" already defined
vault_client.html:318:1 (vault_client.Rd:254): Warning: <h5> anchor "Arguments" already defined
vault_client.html:345:1 (vault_client.Rd:271): Warning: <h5> anchor "Usage" already defined
vault_client.html:351:1 (vault_client.Rd:275): Warning: <h5> anchor "Arguments" already defined
vault_client.html:375:1 (vault_client.Rd:289): Warning: <h5> anchor "Usage" already defined
vault_client.html:381:1 (vault_client.Rd:293): Warning: <h5> anchor "Arguments" already defined
vault_client.html:418:1 (vault_client.Rd:316): Warning: <h5> anchor "Usage" already defined
vault_client.html:432:1 (vault_client.Rd:328): Warning: <h5> anchor "Arguments" already defined
vault_client.html:485:1 (vault_client.Rd:371): Warning: <h5> anchor "Usage" already defined
vault_client.html:505:1 (vault_client.Rd:385): Warning: <h5> anchor "Usage" already defined
vault_client.html:511:1 (vault_client.Rd:389): Warning: <h5> anchor "Arguments" already defined
vault_client.html:534:1 (vault_client.Rd:402): Warning: <h5> anchor "Usage" already defined
vault_client.html:540:1 (vault_client.Rd:406): Warning: <h5> anchor "Arguments" already defined
vault_client_audit.html:116:1 (vault_client_audit.Rd:83): Warning: <h5> anchor "Usage" already defined
vault_client_audit.html:133:1 (vault_client_audit.Rd:94): Warning: <h5> anchor "Usage" already defined
vault_client_audit.html:144:1 (vault_client_audit.Rd:103): Warning: <h5> anchor "Arguments" already defined
vault_client_audit.html:175:1 (vault_client_audit.Rd:124): Warning: <h5> anchor "Usage" already defined
vault_client_audit.html:181:1 (vault_client_audit.Rd:128): Warning: <h5> anchor "Arguments" already defined
vault_client_audit.html:207:1 (vault_client_audit.Rd:144): Warning: <h5> anchor "Usage" already defined
vault_client_audit.html:213:1 (vault_client_audit.Rd:148): Warning: <h5> anchor "Arguments" already defined
vault_client_auth.html:151:1 (vault_client_auth.Rd:101): Warning: <h5> anchor "Usage" already defined
vault_client_auth.html:169:1 (vault_client_auth.Rd:113): Warning: <h5> anchor "Usage" already defined
vault_client_auth.html:175:1 (vault_client_auth.Rd:117): Warning: <h5> anchor "Arguments" already defined
vault_client_auth.html:200:1 (vault_client_auth.Rd:132): Warning: <h5> anchor "Usage" already defined
vault_client_auth.html:206:1 (vault_client_auth.Rd:136): Warning: <h5> anchor "Arguments" already defined
vault_client_auth.html:240:1 (vault_client_auth.Rd:160): Warning: <h5> anchor "Usage" already defined
vault_client_auth.html:246:1 (vault_client_auth.Rd:164): Warning: <h5> anchor "Arguments" already defined
vault_client_auth_approle.html:146:1 (vault_client_auth_approle.Rd:77): Warning: <h5> anchor "Usage" already defined
vault_client_auth_approle.html:152:1 (vault_client_auth_approle.Rd:81): Warning: <h5> anchor "Arguments" already defined
vault_client_auth_approle.html:175:1 (vault_client_auth_approle.Rd:94): Warning: <h5> anchor "Usage" already defined
vault_client_auth_approle.html:195:1 (vault_client_auth_approle.Rd:108): Warning: <h5> anchor "Usage" already defined
vault_client_auth_approle.html:215:1 (vault_client_auth_approle.Rd:126): Warning: <h5> anchor "Arguments" already defined
vault_client_auth_approle.html:285:1 (vault_client_auth_approle.Rd:186): Warning: <h5> anchor "Usage" already defined
vault_client_auth_approle.html:291:1 (vault_client_auth_approle.Rd:190): Warning: <h5> anchor "Arguments" already defined
vault_client_auth_approle.html:314:1 (vault_client_auth_approle.Rd:203): Warning: <h5> anchor "Usage" already defined
vault_client_auth_approle.html:320:1 (vault_client_auth_approle.Rd:207): Warning: <h5> anchor "Arguments" already defined
vault_client_auth_approle.html:343:1 (vault_client_auth_approle.Rd:220): Warning: <h5> anchor "Usage" already defined
vault_client_auth_approle.html:349:1 (vault_client_auth_approle.Rd:224): Warning: <h5> anchor "Arguments" already defined
vault_client_auth_approle.html:373:1 (vault_client_auth_approle.Rd:238): Warning: <h5> anchor "Usage" already defined
vault_client_auth_approle.html:379:1 (vault_client_auth_approle.Rd:242): Warning: <h5> anchor "Arguments" already defined
vault_client_auth_approle.html:408:1 (vault_client_auth_approle.Rd:261): Warning: <h5> anchor "Usage" already defined
vault_client_auth_approle.html:419:1 (vault_client_auth_approle.Rd:270): Warning: <h5> anchor "Arguments" already defined
vault_client_auth_approle.html:460:1 (vault_client_auth_approle.Rd:301): Warning: <h5> anchor "Usage" already defined
vault_client_auth_approle.html:466:1 (vault_client_auth_approle.Rd:305): Warning: <h5> anchor "Arguments" already defined
vault_client_auth_approle.html:489:1 (vault_client_auth_approle.Rd:318): Warning: <h5> anchor "Usage" already defined
vault_client_auth_approle.html:499:1 (vault_client_auth_approle.Rd:326): Warning: <h5> anchor "Arguments" already defined
vault_client_auth_approle.html:527:1 (vault_client_auth_approle.Rd:344): Warning: <h5> anchor "Usage" already defined
vault_client_auth_approle.html:537:1 (vault_client_auth_approle.Rd:352): Warning: <h5> anchor "Arguments" already defined
vault_client_auth_approle.html:569:1 (vault_client_auth_approle.Rd:374): Warning: <h5> anchor "Usage" already defined
vault_client_auth_approle.html:575:1 (vault_client_auth_approle.Rd:378): Warning: <h5> anchor "Arguments" already defined
vault_client_auth_github.html:129:1 (vault_client_auth_github.Rd:94): Warning: <h5> anchor "Usage" already defined
vault_client_auth_github.html:135:1 (vault_client_auth_github.Rd:98): Warning: <h5> anchor "Arguments" already defined
vault_client_auth_github.html:160:1 (vault_client_auth_github.Rd:113): Warning: <h5> anchor "Usage" already defined
vault_client_auth_github.html:171:1 (vault_client_auth_github.Rd:122): Warning: <h5> anchor "Arguments" already defined
vault_client_auth_github.html:205:1 (vault_client_auth_github.Rd:146): Warning: <h5> anchor "Usage" already defined
vault_client_auth_github.html:222:1 (vault_client_auth_github.Rd:157): Warning: <h5> anchor "Usage" already defined
vault_client_auth_github.html:228:1 (vault_client_auth_github.Rd:161): Warning: <h5> anchor "Arguments" already defined
vault_client_auth_github.html:259:1 (vault_client_auth_github.Rd:182): Warning: <h5> anchor "Usage" already defined
vault_client_auth_github.html:265:1 (vault_client_auth_github.Rd:186): Warning: <h5> anchor "Arguments" already defined
vault_client_auth_github.html:295:1 (vault_client_auth_github.Rd:206): Warning: <h5> anchor "Usage" already defined
vault_client_auth_github.html:301:1 (vault_client_auth_github.Rd:210): Warning: <h5> anchor "Arguments" already defined
vault_client_auth_ldap.html:136:1 (vault_client_auth_ldap.Rd:114): Warning: <h5> anchor "Usage" already defined
vault_client_auth_ldap.html:142:1 (vault_client_auth_ldap.Rd:118): Warning: <h5> anchor "Arguments" already defined
vault_client_auth_ldap.html:178:1 (vault_client_auth_ldap.Rd:144): Warning: <h5> anchor "Usage" already defined
vault_client_auth_ldap.html:184:1 (vault_client_auth_ldap.Rd:148): Warning: <h5> anchor "Arguments" already defined
vault_client_auth_ldap.html:213:1 (vault_client_auth_ldap.Rd:167): Warning: <h5> anchor "Usage" already defined
vault_client_auth_ldap.html:229:1 (vault_client_auth_ldap.Rd:177): Warning: <h5> anchor "Usage" already defined
vault_client_auth_ldap.html:235:1 (vault_client_auth_ldap.Rd:181): Warning: <h5> anchor "Arguments" already defined
vault_client_auth_ldap.html:265:1 (vault_client_auth_ldap.Rd:201): Warning: <h5> anchor "Usage" already defined
vault_client_auth_ldap.html:271:1 (vault_client_auth_ldap.Rd:205): Warning: <h5> anchor "Arguments" already defined
vault_client_auth_ldap.html:297:1 (vault_client_auth_ldap.Rd:221): Warning: <h5> anchor "Usage" already defined
vault_client_auth_ldap.html:303:1 (vault_client_auth_ldap.Rd:225): Warning: <h5> anchor "Arguments" already defined
vault_client_auth_ldap.html:328:1 (vault_client_auth_ldap.Rd:240): Warning: <h5> anchor "Usage" already defined
vault_client_auth_ldap.html:334:1 (vault_client_auth_ldap.Rd:244): Warning: <h5> anchor "Arguments" already defined
vault_client_auth_ldap.html:365:1 (vault_client_auth_ldap.Rd:265): Warning: <h5> anchor "Usage" already defined
vault_client_auth_ldap.html:371:1 (vault_client_auth_ldap.Rd:269): Warning: <h5> anchor "Arguments" already defined
vault_client_auth_userpass.html:138:1 (vault_client_auth_userpass.Rd:103): Warning: <h5> anchor "Usage" already defined
vault_client_auth_userpass.html:144:1 (vault_client_auth_userpass.Rd:107): Warning: <h5> anchor "Arguments" already defined
vault_client_auth_userpass.html:167:1 (vault_client_auth_userpass.Rd:120): Warning: <h5> anchor "Usage" already defined
vault_client_auth_userpass.html:180:1 (vault_client_auth_userpass.Rd:131): Warning: <h5> anchor "Arguments" already defined
vault_client_auth_userpass.html:216:1 (vault_client_auth_userpass.Rd:157): Warning: <h5> anchor "Usage" already defined
vault_client_auth_userpass.html:222:1 (vault_client_auth_userpass.Rd:161): Warning: <h5> anchor "Arguments" already defined
vault_client_auth_userpass.html:245:1 (vault_client_auth_userpass.Rd:174): Warning: <h5> anchor "Usage" already defined
vault_client_auth_userpass.html:251:1 (vault_client_auth_userpass.Rd:178): Warning: <h5> anchor "Arguments" already defined
vault_client_auth_userpass.html:274:1 (vault_client_auth_userpass.Rd:191): Warning: <h5> anchor "Usage" already defined
vault_client_auth_userpass.html:280:1 (vault_client_auth_userpass.Rd:195): Warning: <h5> anchor "Arguments" already defined
vault_client_auth_userpass.html:305:1 (vault_client_auth_userpass.Rd:210): Warning: <h5> anchor "Usage" already defined
vault_client_auth_userpass.html:311:1 (vault_client_auth_userpass.Rd:214): Warning: <h5> anchor "Arguments" already defined
vault_client_auth_userpass.html:336:1 (vault_client_auth_userpass.Rd:229): Warning: <h5> anchor "Usage" already defined
vault_client_auth_userpass.html:357:1 (vault_client_auth_userpass.Rd:244): Warning: <h5> anchor "Usage" already defined
vault_client_auth_userpass.html:363:1 (vault_client_auth_userpass.Rd:248): Warning: <h5> anchor "Arguments" already defined
vault_client_cubbyhole.html:120:1 (vault_client_cubbyhole.Rd:86): Warning: <h5> anchor "Usage" already defined
vault_client_cubbyhole.html:126:1 (vault_client_cubbyhole.Rd:90): Warning: <h5> anchor "Arguments" already defined
vault_client_cubbyhole.html:161:1 (vault_client_cubbyhole.Rd:115): Warning: <h5> anchor "Usage" already defined
vault_client_cubbyhole.html:167:1 (vault_client_cubbyhole.Rd:119): Warning: <h5> anchor "Arguments" already defined
vault_client_cubbyhole.html:195:1 (vault_client_cubbyhole.Rd:137): Warning: <h5> anchor "Usage" already defined
vault_client_cubbyhole.html:201:1 (vault_client_cubbyhole.Rd:141): Warning: <h5> anchor "Arguments" already defined
vault_client_cubbyhole.html:232:1 (vault_client_cubbyhole.Rd:162): Warning: <h5> anchor "Usage" already defined
vault_client_cubbyhole.html:238:1 (vault_client_cubbyhole.Rd:166): Warning: <h5> anchor "Arguments" already defined
vault_client_kv1.html:132:1 (vault_client_kv1.Rd:98): Warning: <h5> anchor "Usage" already defined
vault_client_kv1.html:138:1 (vault_client_kv1.Rd:102): Warning: <h5> anchor "Arguments" already defined
vault_client_kv1.html:164:1 (vault_client_kv1.Rd:118): Warning: <h5> anchor "Usage" already defined
vault_client_kv1.html:170:1 (vault_client_kv1.Rd:122): Warning: <h5> anchor "Arguments" already defined
vault_client_kv1.html:207:1 (vault_client_kv1.Rd:149): Warning: <h5> anchor "Usage" already defined
vault_client_kv1.html:213:1 (vault_client_kv1.Rd:153): Warning: <h5> anchor "Arguments" already defined
vault_client_kv1.html:241:1 (vault_client_kv1.Rd:171): Warning: <h5> anchor "Usage" already defined
vault_client_kv1.html:247:1 (vault_client_kv1.Rd:175): Warning: <h5> anchor "Arguments" already defined
vault_client_kv1.html:278:1 (vault_client_kv1.Rd:196): Warning: <h5> anchor "Usage" already defined
vault_client_kv1.html:284:1 (vault_client_kv1.Rd:200): Warning: <h5> anchor "Arguments" already defined
vault_client_kv2.html:166:1 (vault_client_kv2.Rd:133): Warning: <h5> anchor "Usage" already defined
vault_client_kv2.html:172:1 (vault_client_kv2.Rd:137): Warning: <h5> anchor "Arguments" already defined
vault_client_kv2.html:198:1 (vault_client_kv2.Rd:153): Warning: <h5> anchor "Usage" already defined
vault_client_kv2.html:204:1 (vault_client_kv2.Rd:157): Warning: <h5> anchor "Arguments" already defined
vault_client_kv2.html:231:1 (vault_client_kv2.Rd:174): Warning: <h5> anchor "Usage" already defined
vault_client_kv2.html:237:1 (vault_client_kv2.Rd:178): Warning: <h5> anchor "Arguments" already defined
vault_client_kv2.html:269:1 (vault_client_kv2.Rd:200): Warning: <h5> anchor "Usage" already defined
vault_client_kv2.html:275:1 (vault_client_kv2.Rd:204): Warning: <h5> anchor "Arguments" already defined
vault_client_kv2.html:303:1 (vault_client_kv2.Rd:222): Warning: <h5> anchor "Usage" already defined
vault_client_kv2.html:315:1 (vault_client_kv2.Rd:232): Warning: <h5> anchor "Arguments" already defined
vault_client_kv2.html:356:1 (vault_client_kv2.Rd:263): Warning: <h5> anchor "Usage" already defined
vault_client_kv2.html:362:1 (vault_client_kv2.Rd:267): Warning: <h5> anchor "Arguments" already defined
vault_client_kv2.html:396:1 (vault_client_kv2.Rd:291): Warning: <h5> anchor "Usage" already defined
vault_client_kv2.html:402:1 (vault_client_kv2.Rd:295): Warning: <h5> anchor "Arguments" already defined
vault_client_kv2.html:429:1 (vault_client_kv2.Rd:312): Warning: <h5> anchor "Usage" already defined
vault_client_kv2.html:440:1 (vault_client_kv2.Rd:321): Warning: <h5> anchor "Arguments" already defined
vault_client_kv2.html:478:1 (vault_client_kv2.Rd:349): Warning: <h5> anchor "Usage" already defined
vault_client_kv2.html:484:1 (vault_client_kv2.Rd:353): Warning: <h5> anchor "Arguments" already defined
vault_client_kv2.html:509:1 (vault_client_kv2.Rd:368): Warning: <h5> anchor "Usage" already defined
vault_client_kv2.html:515:1 (vault_client_kv2.Rd:372): Warning: <h5> anchor "Arguments" already defined
vault_client_kv2.html:554:1 (vault_client_kv2.Rd:401): Warning: <h5> anchor "Usage" already defined
vault_client_kv2.html:560:1 (vault_client_kv2.Rd:405): Warning: <h5> anchor "Arguments" already defined
vault_client_object.html:94:1 (vault_client_object.Rd:54): Warning: <h5> anchor "Usage" already defined
vault_client_object.html:100:1 (vault_client_object.Rd:58): Warning: <h5> anchor "Arguments" already defined
vault_client_object.html:124:1 (vault_client_object.Rd:72): Warning: <h5> anchor "Usage" already defined
vault_client_operator.html:143:1 (vault_client_operator.Rd:88): Warning: <h5> anchor "Usage" already defined
vault_client_operator.html:159:1 (vault_client_operator.Rd:98): Warning: <h5> anchor "Usage" already defined
vault_client_operator.html:176:1 (vault_client_operator.Rd:109): Warning: <h5> anchor "Usage" already defined
vault_client_operator.html:182:1 (vault_client_operator.Rd:113): Warning: <h5> anchor "Arguments" already defined
vault_client_operator.html:211:1 (vault_client_operator.Rd:132): Warning: <h5> anchor "Usage" already defined
vault_client_operator.html:228:1 (vault_client_operator.Rd:143): Warning: <h5> anchor "Usage" already defined
vault_client_operator.html:247:1 (vault_client_operator.Rd:156): Warning: <h5> anchor "Usage" already defined
vault_client_operator.html:253:1 (vault_client_operator.Rd:160): Warning: <h5> anchor "Arguments" already defined
vault_client_operator.html:286:1 (vault_client_operator.Rd:183): Warning: <h5> anchor "Usage" already defined
vault_client_operator.html:307:1 (vault_client_operator.Rd:198): Warning: <h5> anchor "Usage" already defined
vault_client_operator.html:313:1 (vault_client_operator.Rd:202): Warning: <h5> anchor "Arguments" already defined
vault_client_operator.html:344:1 (vault_client_operator.Rd:223): Warning: <h5> anchor "Usage" already defined
vault_client_operator.html:362:1 (vault_client_operator.Rd:235): Warning: <h5> anchor "Usage" already defined
vault_client_operator.html:380:1 (vault_client_operator.Rd:247): Warning: <h5> anchor "Usage" already defined
vault_client_operator.html:398:1 (vault_client_operator.Rd:259): Warning: <h5> anchor "Usage" already defined
vault_client_operator.html:404:1 (vault_client_operator.Rd:263): Warning: <h5> anchor "Arguments" already defined
vault_client_policy.html:119:1 (vault_client_policy.Rd:105): Warning: <h5> anchor "Usage" already defined
vault_client_policy.html:125:1 (vault_client_policy.Rd:109): Warning: <h5> anchor "Arguments" already defined
vault_client_policy.html:148:1 (vault_client_policy.Rd:122): Warning: <h5> anchor "Usage" already defined
vault_client_policy.html:164:1 (vault_client_policy.Rd:132): Warning: <h5> anchor "Usage" already defined
vault_client_policy.html:170:1 (vault_client_policy.Rd:136): Warning: <h5> anchor "Arguments" already defined
vault_client_policy.html:194:1 (vault_client_policy.Rd:150): Warning: <h5> anchor "Usage" already defined
vault_client_policy.html:200:1 (vault_client_policy.Rd:154): Warning: <h5> anchor "Arguments" already defined
vault_client_secrets.html:137:1 (vault_client_secrets.Rd:90): Warning: <h5> anchor "Usage" already defined
vault_client_secrets.html:143:1 (vault_client_secrets.Rd:94): Warning: <h5> anchor "Arguments" already defined
vault_client_secrets.html:166:1 (vault_client_secrets.Rd:107): Warning: <h5> anchor "Usage" already defined
vault_client_secrets.html:177:1 (vault_client_secrets.Rd:116): Warning: <h5> anchor "Arguments" already defined
vault_client_secrets.html:210:1 (vault_client_secrets.Rd:139): Warning: <h5> anchor "Usage" already defined
vault_client_secrets.html:216:1 (vault_client_secrets.Rd:143): Warning: <h5> anchor "Arguments" already defined
vault_client_secrets.html:240:1 (vault_client_secrets.Rd:157): Warning: <h5> anchor "Usage" already defined
vault_client_secrets.html:246:1 (vault_client_secrets.Rd:161): Warning: <h5> anchor "Arguments" already defined
vault_client_token.html:197:1 (vault_client_token.Rd:142): Warning: <h5> anchor "Usage" already defined
vault_client_token.html:217:1 (vault_client_token.Rd:156): Warning: <h5> anchor "Usage" already defined
vault_client_token.html:223:1 (vault_client_token.Rd:160): Warning: <h5> anchor "Arguments" already defined
vault_client_token.html:251:1 (vault_client_token.Rd:178): Warning: <h5> anchor "Usage" already defined
vault_client_token.html:257:1 (vault_client_token.Rd:182): Warning: <h5> anchor "Arguments" already defined
vault_client_token.html:282:1 (vault_client_token.Rd:197): Warning: <h5> anchor "Usage" already defined
vault_client_token.html:288:1 (vault_client_token.Rd:201): Warning: <h5> anchor "Arguments" already defined
vault_client_token.html:315:1 (vault_client_token.Rd:219): Warning: <h5> anchor "Usage" already defined
vault_client_token.html:331:1 (vault_client_token.Rd:229): Warning: <h5> anchor "Usage" already defined
vault_client_token.html:350:1 (vault_client_token.Rd:246): Warning: <h5> anchor "Arguments" already defined
vault_client_token.html:431:1 (vault_client_token.Rd:317): Warning: <h5> anchor "Usage" already defined
vault_client_token.html:437:1 (vault_client_token.Rd:321): Warning: <h5> anchor "Arguments" already defined
vault_client_token.html:461:1 (vault_client_token.Rd:335): Warning: <h5> anchor "Usage" already defined
vault_client_token.html:478:1 (vault_client_token.Rd:346): Warning: <h5> anchor "Usage" already defined
vault_client_token.html:484:1 (vault_client_token.Rd:350): Warning: <h5> anchor "Arguments" already defined
vault_client_token.html:510:1 (vault_client_token.Rd:366): Warning: <h5> anchor "Usage" already defined
vault_client_token.html:516:1 (vault_client_token.Rd:370): Warning: <h5> anchor "Arguments" already defined
vault_client_token.html:547:1 (vault_client_token.Rd:391): Warning: <h5> anchor "Usage" already defined
vault_client_token.html:553:1 (vault_client_token.Rd:395): Warning: <h5> anchor "Arguments" already defined
vault_client_token.html:580:1 (vault_client_token.Rd:412): Warning: <h5> anchor "Usage" already defined
vault_client_token.html:586:1 (vault_client_token.Rd:416): Warning: <h5> anchor "Arguments" already defined
vault_client_token.html:612:1 (vault_client_token.Rd:432): Warning: <h5> anchor "Usage" already defined
vault_client_token.html:631:1 (vault_client_token.Rd:445): Warning: <h5> anchor "Usage" already defined
vault_client_token.html:637:1 (vault_client_token.Rd:449): Warning: <h5> anchor "Arguments" already defined
vault_client_token.html:664:1 (vault_client_token.Rd:466): Warning: <h5> anchor "Usage" already defined
vault_client_token.html:670:1 (vault_client_token.Rd:470): Warning: <h5> anchor "Arguments" already defined
vault_client_token.html:693:1 (vault_client_token.Rd:483): Warning: <h5> anchor "Usage" already defined
vault_client_token.html:699:1 (vault_client_token.Rd:487): Warning: <h5> anchor "Arguments" already defined
vault_client_token.html:722:1 (vault_client_token.Rd:500): Warning: <h5> anchor "Usage" already defined
vault_client_token.html:745:1 (vault_client_token.Rd:517): Warning: <h5> anchor "Usage" already defined
vault_client_token.html:762:1 (vault_client_token.Rd:532): Warning: <h5> anchor "Arguments" already defined
vault_client_token.html:855:1 (vault_client_token.Rd:615): Warning: <h5> anchor "Usage" already defined
vault_client_token.html:861:1 (vault_client_token.Rd:619): Warning: <h5> anchor "Arguments" already defined
vault_client_token.html:888:1 (vault_client_token.Rd:636): Warning: <h5> anchor "Usage" already defined
vault_client_token.html:906:1 (vault_client_token.Rd:648): Warning: <h5> anchor "Usage" already defined
vault_client_token.html:912:1 (vault_client_token.Rd:652): Warning: <h5> anchor "Arguments" already defined
vault_client_tools.html:114:1 (vault_client_tools.Rd:85): Warning: <h5> anchor "Usage" already defined
vault_client_tools.html:120:1 (vault_client_tools.Rd:89): Warning: <h5> anchor "Arguments" already defined
vault_client_tools.html:149:1 (vault_client_tools.Rd:108): Warning: <h5> anchor "Usage" already defined
vault_client_tools.html:155:1 (vault_client_tools.Rd:112): Warning: <h5> anchor "Arguments" already defined
vault_client_transit.html:180:1 (vault_client_transit.Rd:131): Warning: <h5> anchor "Usage" already defined
vault_client_transit.html:186:1 (vault_client_transit.Rd:135): Warning: <h5> anchor "Arguments" already defined
vault_client_transit.html:212:1 (vault_client_transit.Rd:151): Warning: <h5> anchor "Usage" already defined
vault_client_transit.html:225:1 (vault_client_transit.Rd:162): Warning: <h5> anchor "Arguments" already defined
vault_client_transit.html:305:1 (vault_client_transit.Rd:219): Warning: <h5> anchor "Usage" already defined
vault_client_transit.html:311:1 (vault_client_transit.Rd:223): Warning: <h5> anchor "Arguments" already defined
vault_client_transit.html:334:1 (vault_client_transit.Rd:236): Warning: <h5> anchor "Usage" already defined
vault_client_transit.html:354:1 (vault_client_transit.Rd:250): Warning: <h5> anchor "Usage" already defined
vault_client_transit.html:360:1 (vault_client_transit.Rd:254): Warning: <h5> anchor "Arguments" already defined
vault_client_transit.html:385:1 (vault_client_transit.Rd:269): Warning: <h5> anchor "Usage" already defined
vault_client_transit.html:398:1 (vault_client_transit.Rd:280): Warning: <h5> anchor "Arguments" already defined
vault_client_transit.html:453:1 (vault_client_transit.Rd:325): Warning: <h5> anchor "Usage" already defined
vault_client_transit.html:459:1 (vault_client_transit.Rd:329): Warning: <h5> anchor "Arguments" already defined
vault_client_transit.html:496:1 (vault_client_transit.Rd:356): Warning: <h5> anchor "Usage" already defined
vault_client_transit.html:502:1 (vault_client_transit.Rd:360): Warning: <h5> anchor "Arguments" already defined
vault_client_transit.html:533:1 (vault_client_transit.Rd:381): Warning: <h5> anchor "Usage" already defined
vault_client_transit.html:544:1 (vault_client_transit.Rd:390): Warning: <h5> anchor "Arguments" already defined
vault_client_transit.html:579:1 (vault_client_transit.Rd:415): Warning: <h5> anchor "Usage" already defined
vault_client_transit.html:585:1 (vault_client_transit.Rd:419): Warning: <h5> anchor "Arguments" already defined
vault_client_transit.html:619:1 (vault_client_transit.Rd:443): Warning: <h5> anchor "Usage" already defined
vault_client_transit.html:630:1 (vault_client_transit.Rd:452): Warning: <h5> anchor "Arguments" already defined
vault_client_transit.html:668:1 (vault_client_transit.Rd:480): Warning: <h5> anchor "Usage" already defined
vault_client_transit.html:679:1 (vault_client_transit.Rd:489): Warning: <h5> anchor "Arguments" already defined
vault_client_transit.html:716:1 (vault_client_transit.Rd:516): Warning: <h5> anchor "Usage" already defined
vault_client_transit.html:722:1 (vault_client_transit.Rd:520): Warning: <h5> anchor "Arguments" already defined
vault_client_transit.html:751:1 (vault_client_transit.Rd:539): Warning: <h5> anchor "Usage" already defined
vault_client_transit.html:757:1 (vault_client_transit.Rd:543): Warning: <h5> anchor "Arguments" already defined
vault_client_transit.html:796:1 (vault_client_transit.Rd:572): Warning: <h5> anchor "Usage" already defined
vault_client_transit.html:802:1 (vault_client_transit.Rd:576): Warning: <h5> anchor "Arguments" already defined
vault_client_transit.html:840:1 (vault_client_transit.Rd:604): Warning: <h5> anchor "Usage" already defined
vault_client_transit.html:854:1 (vault_client_transit.Rd:616): Warning: <h5> anchor "Arguments" already defined
vault_client_transit.html:903:1 (vault_client_transit.Rd:655): Warning: <h5> anchor "Usage" already defined
vault_client_transit.html:917:1 (vault_client_transit.Rd:667): Warning: <h5> anchor "Arguments" already defined
vault_client_transit.html:958:1 (vault_client_transit.Rd:698): Warning: <h5> anchor "Usage" already defined
vault_client_transit.html:972:1 (vault_client_transit.Rd:710): Warning: <h5> anchor "Arguments" already defined
vault_client_transit.html:1015:1 (vault_client_transit.Rd:743): Warning: <h5> anchor "Usage" already defined
vault_client_transit.html:1021:1 (vault_client_transit.Rd:747): Warning: <h5> anchor "Arguments" already defined
vault_client_transit.html:1047:1 (vault_client_transit.Rd:763): Warning: <h5> anchor "Usage" already defined
vault_client_transit.html:1053:1 (vault_client_transit.Rd:767): Warning: <h5> anchor "Arguments" already defined
vault_client_transit.html:1084:1 (vault_client_transit.Rd:788): Warning: <h5> anchor "Usage" already defined
vault_client_transit.html:1090:1 (vault_client_transit.Rd:792): Warning: <h5> anchor "Arguments" already defined
vault_test_server.html:215:1 (vault_test_server.Rd:159): Warning: <h5> anchor "Usage" already defined
vault_test_server.html:232:1 (vault_test_server.Rd:170): Warning: <h5> anchor "Usage" already defined
vault_test_server.html:238:1 (vault_test_server.Rd:174): Warning: <h5> anchor "Arguments" already defined
vault_test_server.html:268:1 (vault_test_server.Rd:194): Warning: <h5> anchor "Usage" already defined
vault_test_server.html:286:1 (vault_test_server.Rd:206): Warning: <h5> anchor "Usage" already defined
vault_test_server.html:303:1 (vault_test_server.Rd:217): Warning: <h5> anchor "Usage" already defined
vault_test_server.html:319:1 (vault_test_server.Rd:227): Warning: <h5> anchor "Usage" already defined
Flavor: r-devel-linux-x86_64-debian-gcc