Last updated on 2025-02-06 19:49:39 CET.
Flavor | Version | Tinstall | Tcheck | Ttotal | Status | Flags |
---|---|---|---|---|---|---|
r-devel-linux-x86_64-debian-clang | 0.1.1 | 6.94 | 56.59 | 63.53 | OK | |
r-devel-linux-x86_64-debian-gcc | 0.1.1 | 4.99 | 41.46 | 46.45 | OK | |
r-devel-linux-x86_64-fedora-clang | 0.1.1 | 102.34 | OK | |||
r-devel-linux-x86_64-fedora-gcc | 0.1.1 | 99.39 | OK | |||
r-devel-windows-x86_64 | 0.1.1 | 8.00 | 70.00 | 78.00 | OK | |
r-patched-linux-x86_64 | 0.1.1 | 6.05 | 52.74 | 58.79 | NOTE | |
r-release-linux-x86_64 | 0.1.1 | 6.44 | 53.04 | 59.48 | NOTE | |
r-release-macos-arm64 | 0.1.1 | 31.00 | NOTE | |||
r-release-macos-x86_64 | 0.1.1 | 45.00 | NOTE | |||
r-release-windows-x86_64 | 0.1.1 | 8.00 | 69.00 | 77.00 | NOTE | |
r-oldrel-macos-arm64 | 0.1.1 | 33.00 | NOTE | |||
r-oldrel-macos-x86_64 | 0.1.1 | 52.00 | NOTE | |||
r-oldrel-windows-x86_64 | 0.1.1 | 9.00 | 78.00 | 87.00 | NOTE |
Version: 0.1.1
Check: LazyData
Result: NOTE
'LazyData' is specified without a 'data' directory
Flavors: r-patched-linux-x86_64, r-release-linux-x86_64, r-release-macos-arm64, r-release-macos-x86_64, r-release-windows-x86_64, r-oldrel-macos-arm64, r-oldrel-macos-x86_64, r-oldrel-windows-x86_64