Last updated on 2024-03-28 19:48:49 CET.
Flavor | Version | Tinstall | Tcheck | Ttotal | Status | Flags |
---|---|---|---|---|---|---|
r-devel-linux-x86_64-debian-clang | 0.0.2 | 9.17 | 66.21 | 75.38 | NOTE | |
r-devel-linux-x86_64-debian-gcc | 0.0.2 | 6.13 | 50.48 | 56.61 | NOTE | |
r-devel-linux-x86_64-fedora-clang | 0.0.2 | 93.40 | NOTE | |||
r-devel-linux-x86_64-fedora-gcc | 0.0.2 | 104.96 | NOTE | |||
r-devel-windows-x86_64 | 0.0.2 | 9.00 | 81.00 | 90.00 | NOTE | |
r-patched-linux-x86_64 | 0.0.2 | 5.75 | 64.71 | 70.46 | NOTE | |
r-release-linux-x86_64 | 0.0.2 | 6.14 | 63.39 | 69.53 | OK | |
r-release-macos-arm64 | 0.0.2 | 36.00 | OK | |||
r-release-macos-x86_64 | 0.0.2 | 53.00 | OK | |||
r-release-windows-x86_64 | 0.0.2 | 11.00 | 93.00 | 104.00 | OK | |
r-oldrel-macos-arm64 | 0.0.2 | 27.00 | OK | |||
r-oldrel-windows-x86_64 | 0.0.2 | 11.00 | 82.00 | 93.00 | OK |
Version: 0.0.2
Check: Rd files
Result: NOTE
checkRd: (-1) get.miniseq.sample.files.Rd:15: Lost braces
15 | \item{file.suffix}{Regex expression for end of file name. For example, `file.suffix = '_S\\d{1,2}_.*_R1_.*'` will match R1 files.1 files.}
| ^
Flavors: r-devel-linux-x86_64-debian-clang, r-devel-linux-x86_64-debian-gcc, r-devel-linux-x86_64-fedora-clang, r-devel-linux-x86_64-fedora-gcc, r-devel-windows-x86_64, r-patched-linux-x86_64