Last updated on 2025-05-06 20:50:57 CEST.
Flavor | Version | Tinstall | Tcheck | Ttotal | Status | Flags |
---|---|---|---|---|---|---|
r-devel-linux-x86_64-debian-clang | 0.3-1 | 4.77 | 45.29 | 50.06 | NOTE | |
r-devel-linux-x86_64-debian-gcc | 0.3-1 | 3.49 | 34.85 | 38.34 | NOTE | |
r-devel-linux-x86_64-fedora-clang | 0.3-1 | 82.22 | OK | |||
r-devel-linux-x86_64-fedora-gcc | 0.3-1 | 80.10 | OK | |||
r-devel-windows-x86_64 | 0.3-1 | 6.00 | 64.00 | 70.00 | OK | |
r-patched-linux-x86_64 | 0.3-1 | 5.21 | 43.54 | 48.75 | OK | |
r-release-linux-x86_64 | 0.3-1 | 5.05 | 43.69 | 48.74 | OK | |
r-release-macos-arm64 | 0.3-1 | 27.00 | OK | |||
r-release-macos-x86_64 | 0.3-1 | 45.00 | OK | |||
r-release-windows-x86_64 | 0.3-1 | 7.00 | 65.00 | 72.00 | OK | |
r-oldrel-macos-arm64 | 0.3-1 | 26.00 | NOTE | |||
r-oldrel-macos-x86_64 | 0.3-1 | 38.00 | NOTE | |||
r-oldrel-windows-x86_64 | 0.3-1 | 9.00 | 76.00 | 85.00 | NOTE |
Version: 0.3-1
Check: CRAN incoming feasibility
Result: NOTE
Maintainer: ‘Craig Wang <craig.wang@math.uzh.ch>’
Package CITATION file contains call(s) to old-style personList() or
as.personList(). Please use c() on person objects instead.
Package CITATION file contains call(s) to old-style citEntry(). Please
use bibentry() instead.
Flavors: r-devel-linux-x86_64-debian-clang, r-devel-linux-x86_64-debian-gcc
Version: 0.3-1
Check: LazyData
Result: NOTE
'LazyData' is specified without a 'data' directory
Flavors: r-oldrel-macos-arm64, r-oldrel-macos-x86_64, r-oldrel-windows-x86_64