CRAN Package Check Results for Package variantspark

Last updated on 2025-02-20 19:51:48 CET.

Flavor Version Tinstall Tcheck Ttotal Status Flags
r-devel-linux-x86_64-debian-clang 0.1.1 6.97 53.27 60.24 OK
r-devel-linux-x86_64-debian-gcc 0.1.1 4.86 37.08 41.94 OK
r-devel-linux-x86_64-fedora-clang 0.1.1 100.04 OK
r-devel-linux-x86_64-fedora-gcc 0.1.1 86.83 OK
r-devel-macos-arm64 0.1.1 29.00 OK
r-devel-macos-x86_64 0.1.1 55.00 OK
r-devel-windows-x86_64 0.1.1 9.00 70.00 79.00 OK
r-patched-linux-x86_64 0.1.1 6.06 48.37 54.43 NOTE
r-release-linux-x86_64 0.1.1 6.57 48.25 54.82 NOTE
r-release-macos-arm64 0.1.1 29.00 NOTE
r-release-macos-x86_64 0.1.1 42.00 NOTE
r-release-windows-x86_64 0.1.1 7.00 66.00 73.00 NOTE
r-oldrel-macos-arm64 0.1.1 31.00 NOTE
r-oldrel-macos-x86_64 0.1.1 51.00 NOTE
r-oldrel-windows-x86_64 0.1.1 9.00 99.00 108.00 NOTE

Check Details

Version: 0.1.1
Check: LazyData
Result: NOTE 'LazyData' is specified without a 'data' directory Flavors: r-patched-linux-x86_64, r-release-linux-x86_64, r-release-macos-arm64, r-release-macos-x86_64, r-release-windows-x86_64, r-oldrel-macos-arm64, r-oldrel-macos-x86_64, r-oldrel-windows-x86_64