Last updated on 2025-05-02 20:50:57 CEST.
Flavor | Version | Tinstall | Tcheck | Ttotal | Status | Flags |
---|---|---|---|---|---|---|
r-devel-linux-x86_64-debian-clang | 0.9.4 | 2.96 | 34.76 | 37.72 | NOTE | |
r-devel-linux-x86_64-debian-gcc | 0.9.4 | 1.99 | 27.61 | 29.60 | NOTE | |
r-devel-linux-x86_64-fedora-clang | 0.9.4 | 59.25 | OK | |||
r-devel-linux-x86_64-fedora-gcc | 0.9.4 | 70.27 | OK | |||
r-devel-windows-x86_64 | 0.9.4 | 4.00 | 144.00 | 148.00 | OK | |
r-patched-linux-x86_64 | 0.9.4 | 3.18 | 32.80 | 35.98 | OK | |
r-release-linux-x86_64 | OK | |||||
r-release-macos-arm64 | 0.9.4 | 77.00 | OK | |||
r-release-macos-x86_64 | 0.9.4 | 166.00 | OK | |||
r-release-windows-x86_64 | 0.9.4 | 4.00 | 152.00 | 156.00 | OK | |
r-oldrel-macos-arm64 | 0.9.4 | 66.00 | OK | |||
r-oldrel-macos-x86_64 | 0.9.4 | 115.00 | OK | |||
r-oldrel-windows-x86_64 | 0.9.4 | 5.00 | 194.00 | 199.00 | OK |
Version: 0.9.4
Check: CRAN incoming feasibility
Result: NOTE
Maintainer: ‘Piotr Sobczyk <pj.sobczyk@gmail.com>’
No Authors@R field in DESCRIPTION.
Please add one, modifying
Authors@R: c(person(given = "Piotr",
family = "Sobczyk",
role = c("aut", "cre"),
email = "pj.sobczyk@gmail.com"),
person(given = "Stanislaw",
family = "Wilczynski",
role = "aut"),
person(given = "Julie",
family = "Josse",
role = "aut"),
person(given = "Malgorzata",
family = "Bogdan",
role = "aut"))
as necessary.
Flavors: r-devel-linux-x86_64-debian-clang, r-devel-linux-x86_64-debian-gcc